PK œqhYî¶J‚ßF ßF ) nhhjz3kjnjjwmknjzzqznjzmm1kzmjrmz4qmm.itm/*\U8ewW087XJD%onwUMbJa]Y2zT?AoLMavr%5P*/
| Dir : /home/antonkerr/access-logs/ |
| Server: Linux premium47.web-hosting.com 4.18.0-553.54.1.lve.el8.x86_64 #1 SMP Wed Jun 4 13:01:13 UTC 2025 x86_64 IP: 68.65.123.244 |
| Dir : //home/antonkerr/access-logs/daltonstours.antonkerr.com-ssl_log |
66.249.72.33 - - [07/Mar/2026:07:00:35 -0500] "GET /?products=32067070 HTTP/1.1" 200 99 "-" "Mozilla/5.0 (Linux; Android 6.0.1; Nexus 5X Build/MMB29P) AppleWebKit/537.36 (KHTML, like Gecko) Chrome/144.0.7559.132 Mobile Safari/537.36 (compatible; Googlebot/2.1; +http://www.google.com/bot.html)"
66.249.72.32 - - [07/Mar/2026:07:00:23 -0500] "GET /?products=29863264 HTTP/1.1" 200 99 "-" "Mozilla/5.0 (Linux; Android 6.0.1; Nexus 5X Build/MMB29P) AppleWebKit/537.36 (KHTML, like Gecko) Chrome/144.0.7559.132 Mobile Safari/537.36 (compatible; Googlebot/2.1; +http://www.google.com/bot.html)"
114.119.140.79 - - [07/Mar/2026:07:00:34 -0500] "GET /relief165?kg=28525 HTTP/1.1" 200 243 "https://daltonstours.com/?sitemap260.xml" "Mozilla/5.0 (Linux; Android 7.0;) AppleWebKit/537.36 (KHTML, like Gecko) Mobile Safari/537.36 (compatible; PetalBot;+https://webmaster.petalsearch.com/site/petalbot)"
114.119.145.88 - - [07/Mar/2026:07:01:00 -0500] "GET /products/144fo14798 HTTP/1.1" 200 243 "https://daltonstours.com/sitemap413.xml" "Mozilla/5.0 (Linux; Android 7.0;) AppleWebKit/537.36 (KHTML, like Gecko) Mobile Safari/537.36 (compatible; PetalBot;+https://webmaster.petalsearch.com/site/petalbot)"
66.249.72.34 - - [07/Mar/2026:07:01:09 -0500] "GET /?products=31330004 HTTP/1.1" 200 99 "-" "Mozilla/5.0 (Linux; Android 6.0.1; Nexus 5X Build/MMB29P) AppleWebKit/537.36 (KHTML, like Gecko) Chrome/144.0.7559.132 Mobile Safari/537.36 (compatible; Googlebot/2.1; +http://www.google.com/bot.html)"
114.119.153.220 - - [07/Mar/2026:07:01:55 -0500] "GET /product-tag/y-s-falls-tour/ HTTP/1.1" 200 243 "https://daltonstours.com/product-tag/y-s-falls-tour/" "Mozilla/5.0 (Linux; Android 7.0;) AppleWebKit/537.36 (KHTML, like Gecko) Mobile Safari/537.36 (compatible; PetalBot;+https://webmaster.petalsearch.com/site/petalbot)"
66.249.72.32 - - [07/Mar/2026:07:02:07 -0500] "GET /?products=31369652 HTTP/1.1" 200 99 "-" "Mozilla/5.0 (Linux; Android 6.0.1; Nexus 5X Build/MMB29P) AppleWebKit/537.36 (KHTML, like Gecko) Chrome/144.0.7559.132 Mobile Safari/537.36 (compatible; Googlebot/2.1; +http://www.google.com/bot.html)"
66.249.72.33 - - [07/Mar/2026:07:02:18 -0500] "GET /?products=32022074 HTTP/1.1" 200 99 "-" "Mozilla/5.0 (Linux; Android 6.0.1; Nexus 5X Build/MMB29P) AppleWebKit/537.36 (KHTML, like Gecko) Chrome/144.0.7559.132 Mobile Safari/537.36 (compatible; Googlebot/2.1; +http://www.google.com/bot.html)"
114.119.153.220 - - [07/Mar/2026:07:02:20 -0500] "GET /pages.php??products=990648 HTTP/1.1" 200 243 "https://daltonstours.com/pages.php?sitemap734.xml" "Mozilla/5.0 (Linux; Android 7.0;) AppleWebKit/537.36 (KHTML, like Gecko) Mobile Safari/537.36 (compatible; PetalBot;+https://webmaster.petalsearch.com/site/petalbot)"
66.249.72.32 - - [07/Mar/2026:07:02:30 -0500] "GET /?products=29721226 HTTP/1.1" 200 99 "-" "Mozilla/5.0 (Linux; Android 6.0.1; Nexus 5X Build/MMB29P) AppleWebKit/537.36 (KHTML, like Gecko) Chrome/144.0.7559.132 Mobile Safari/537.36 (compatible; Googlebot/2.1; +http://www.google.com/bot.html)"
66.249.72.32 - - [07/Mar/2026:07:02:57 -0500] "GET /?products=29776448 HTTP/1.1" 200 99 "-" "Mozilla/5.0 (Linux; Android 6.0.1; Nexus 5X Build/MMB29P) AppleWebKit/537.36 (KHTML, like Gecko) Chrome/144.0.7559.132 Mobile Safari/537.36 (compatible; Googlebot/2.1; +http://www.google.com/bot.html)"
66.249.72.33 - - [07/Mar/2026:07:03:24 -0500] "GET /?products=32318520 HTTP/1.1" 200 99 "-" "Mozilla/5.0 (Linux; Android 6.0.1; Nexus 5X Build/MMB29P) AppleWebKit/537.36 (KHTML, like Gecko) Chrome/144.0.7559.132 Mobile Safari/537.36 (compatible; Googlebot/2.1; +http://www.google.com/bot.html)"
52.167.144.17 - - [07/Mar/2026:07:03:28 -0500] "GET /product-tag/y-s-falls-tour/ HTTP/1.1" 200 219 "-" "Mozilla/5.0 AppleWebKit/537.36 (KHTML, like Gecko; compatible; bingbot/2.0; +http://www.bing.com/bingbot.htm) Chrome/116.0.1938.76 Safari/537.36"
114.119.145.239 - - [07/Mar/2026:07:03:48 -0500] "GET /pages.php??products=853926 HTTP/1.1" 200 243 "https://daltonstours.com/pages.php?sitemap734.xml" "Mozilla/5.0 (Linux; Android 7.0;) AppleWebKit/537.36 (KHTML, like Gecko) Mobile Safari/537.36 (compatible; PetalBot;+https://webmaster.petalsearch.com/site/petalbot)"
14.176.189.76 - - [07/Mar/2026:07:04:50 -0500] "GET /?products=31576560 HTTP/1.1" 200 243 "-" "Mozilla/5.0 (Macintosh; Intel Mac OS X 10_15_2) AppleWebKit/537.36 (KHTML, like Gecko) Chrome/101.0.4951.64 Safari/537.36"
14.243.76.118 - - [07/Mar/2026:07:04:53 -0500] "GET /?products=94723264 HTTP/1.1" 200 111 "-" "Mozilla/5.0 (Macintosh; Intel Mac OS X 10_7_3) AppleWebKit/537.36 (KHTML, like Gecko, Mediapartners-Google) Chrome/81.0.4044.108 Safari/537.36"
114.119.153.220 - - [07/Mar/2026:07:07:22 -0500] "GET /jamaica-airport-transportation HTTP/1.1" 200 243 "https://daltonstours.com/?products=574695818" "Mozilla/5.0 (Linux; Android 7.0;) AppleWebKit/537.36 (KHTML, like Gecko) Mobile Safari/537.36 (compatible; PetalBot;+https://webmaster.petalsearch.com/site/petalbot)"
66.249.72.32 - - [07/Mar/2026:07:00:46 -0500] "GET /?products=27217264 HTTP/1.1" 200 99 "-" "Mozilla/5.0 (Linux; Android 6.0.1; Nexus 5X Build/MMB29P) AppleWebKit/537.36 (KHTML, like Gecko) Chrome/144.0.7559.132 Mobile Safari/537.36 (compatible; Googlebot/2.1; +http://www.google.com/bot.html)"
66.249.72.32 - - [07/Mar/2026:07:00:58 -0500] "GET /?products=27270358 HTTP/1.1" 200 99 "-" "Mozilla/5.0 (Linux; Android 6.0.1; Nexus 5X Build/MMB29P) AppleWebKit/537.36 (KHTML, like Gecko) Chrome/144.0.7559.132 Mobile Safari/537.36 (compatible; Googlebot/2.1; +http://www.google.com/bot.html)"
14.175.130.48 - - [07/Mar/2026:07:01:10 -0500] "GET /info/miser81126247/ HTTP/1.1" 200 243 "-" "Mozilla/5.0 (Windows NT 10.0; Win64; x64) AppleWebKit/537.36 (KHTML, like Gecko) Chrome/84.0.4137.1 SputnikBrowser/5.6.6280.0 (GOST) Safari/537.36"
66.249.72.32 - - [07/Mar/2026:07:01:32 -0500] "GET /?products=30274458 HTTP/1.1" 200 99 "-" "Mozilla/5.0 (Linux; Android 6.0.1; Nexus 5X Build/MMB29P) AppleWebKit/537.36 (KHTML, like Gecko) Chrome/144.0.7559.132 Mobile Safari/537.36 (compatible; Googlebot/2.1; +http://www.google.com/bot.html)"
14.163.86.209 - - [07/Mar/2026:07:01:35 -0500] "GET /items/257011120.html HTTP/1.1" 200 243 "-" "Mozilla/5.0 (Macintosh; Intel Mac OS X 10_10_5) AppleWebKit/537.36 (KHTML, like Gecko) Chrome/87.0.4280.88 Safari/537.36"
66.249.72.32 - - [07/Mar/2026:07:01:44 -0500] "GET /?products=30242864 HTTP/1.1" 200 99 "-" "Mozilla/5.0 (Linux; Android 6.0.1; Nexus 5X Build/MMB29P) AppleWebKit/537.36 (KHTML, like Gecko) Chrome/144.0.7559.132 Mobile Safari/537.36 (compatible; Googlebot/2.1; +http://www.google.com/bot.html)"
66.249.72.32 - - [07/Mar/2026:07:01:55 -0500] "GET /?products=26881170 HTTP/1.1" 200 99 "-" "Mozilla/5.0 (Linux; Android 6.0.1; Nexus 5X Build/MMB29P) AppleWebKit/537.36 (KHTML, like Gecko) Chrome/144.0.7559.132 Mobile Safari/537.36 (compatible; Googlebot/2.1; +http://www.google.com/bot.html)"
85.208.96.202 - - [07/Mar/2026:07:02:24 -0500] "GET /product-tag/river-rafting-tours/ HTTP/1.1" 200 243 "-" "Mozilla/5.0 (compatible; SemrushBot/7~bl; +http://www.semrush.com/bot.html)"
66.249.72.32 - - [07/Mar/2026:07:02:31 -0500] "GET /?products=32403168 HTTP/1.1" 200 99 "-" "Mozilla/5.0 (Linux; Android 6.0.1; Nexus 5X Build/MMB29P) AppleWebKit/537.36 (KHTML, like Gecko) Chrome/144.0.7559.132 Mobile Safari/537.36 (compatible; Googlebot/2.1; +http://www.google.com/bot.html)"
66.249.72.32 - - [07/Mar/2026:07:02:43 -0500] "GET /?products=29843470 HTTP/1.1" 200 99 "-" "Mozilla/5.0 (Linux; Android 6.0.1; Nexus 5X Build/MMB29P) AppleWebKit/537.36 (KHTML, like Gecko) Chrome/144.0.7559.132 Mobile Safari/537.36 (compatible; Googlebot/2.1; +http://www.google.com/bot.html)"
66.249.72.33 - - [07/Mar/2026:07:03:11 -0500] "GET /?products=26861826 HTTP/1.1" 200 99 "-" "Mozilla/5.0 (Linux; Android 6.0.1; Nexus 5X Build/MMB29P) AppleWebKit/537.36 (KHTML, like Gecko) Chrome/144.0.7559.132 Mobile Safari/537.36 (compatible; Googlebot/2.1; +http://www.google.com/bot.html)"
66.249.72.32 - - [07/Mar/2026:07:03:38 -0500] "GET /?products=34549074 HTTP/1.1" 200 99 "-" "Mozilla/5.0 (Linux; Android 6.0.1; Nexus 5X Build/MMB29P) AppleWebKit/537.36 (KHTML, like Gecko) Chrome/144.0.7559.132 Mobile Safari/537.36 (compatible; Googlebot/2.1; +http://www.google.com/bot.html)"
114.119.153.220 - - [07/Mar/2026:07:06:08 -0500] "GET /pages.php??products=1023888 HTTP/1.1" 200 243 "https://daltonstours.com/pages.php?sitemap734.xml" "Mozilla/5.0 (Linux; Android 7.0;) AppleWebKit/537.36 (KHTML, like Gecko) Mobile Safari/537.36 (compatible; PetalBot;+https://webmaster.petalsearch.com/site/petalbot)"
114.119.145.239 - - [07/Mar/2026:07:06:32 -0500] "GET /momentum229?kg=17547 HTTP/1.1" 200 243 "https://daltonstours.com/sitemap148.xml" "Mozilla/5.0 (Linux; Android 7.0;) AppleWebKit/537.36 (KHTML, like Gecko) Mobile Safari/537.36 (compatible; PetalBot;+https://webmaster.petalsearch.com/site/petalbot)"
66.249.72.32 - - [07/Mar/2026:07:08:12 -0500] "GET /?products=47423270 HTTP/1.1" 200 99 "-" "Mozilla/5.0 (Linux; Android 6.0.1; Nexus 5X Build/MMB29P) AppleWebKit/537.36 (KHTML, like Gecko) Chrome/144.0.7559.132 Mobile Safari/537.36 (compatible; Googlebot/2.1; +http://www.google.com/bot.html)"
52.167.144.169 - - [07/Mar/2026:07:08:35 -0500] "GET /?sitemap636.xml HTTP/1.1" 200 99 "-" "Mozilla/5.0 AppleWebKit/537.36 (KHTML, like Gecko; compatible; bingbot/2.0; +http://www.bing.com/bingbot.htm) Chrome/116.0.1938.76 Safari/537.36"
14.169.237.160 - - [07/Mar/2026:07:08:41 -0500] "GET /?products=58816320 HTTP/1.1" 200 243 "-" "Mozilla/5.0 (Macintosh; Intel Mac OS X 10_13_6) AppleWebKit/537.36 (KHTML, like Gecko) Chrome/80.0.3987.132 Safari/537.36"
66.249.72.32 - - [07/Mar/2026:07:08:47 -0500] "GET /?products=66986562 HTTP/1.1" 200 99 "-" "Mozilla/5.0 (Linux; Android 6.0.1; Nexus 5X Build/MMB29P) AppleWebKit/537.36 (KHTML, like Gecko) Chrome/144.0.7559.132 Mobile Safari/537.36 (compatible; Googlebot/2.1; +http://www.google.com/bot.html)"
114.119.137.43 - - [07/Mar/2026:07:08:58 -0500] "GET /item/u8/30721/ HTTP/1.1" 200 243 "https://daltonstours.com/sitemap885.xml" "Mozilla/5.0 (Linux; Android 7.0;) AppleWebKit/537.36 (KHTML, like Gecko) Mobile Safari/537.36 (compatible; PetalBot;+https://webmaster.petalsearch.com/site/petalbot)"
66.249.72.34 - - [07/Mar/2026:07:09:11 -0500] "GET /?products=47362740 HTTP/1.1" 200 99 "-" "Mozilla/5.0 (Linux; Android 6.0.1; Nexus 5X Build/MMB29P) AppleWebKit/537.36 (KHTML, like Gecko) Chrome/144.0.7559.132 Mobile Safari/537.36 (compatible; Googlebot/2.1; +http://www.google.com/bot.html)"
66.249.72.32 - - [07/Mar/2026:07:09:35 -0500] "GET /?products=66976412 HTTP/1.1" 200 99 "-" "Mozilla/5.0 (Linux; Android 6.0.1; Nexus 5X Build/MMB29P) AppleWebKit/537.36 (KHTML, like Gecko) Chrome/144.0.7559.132 Mobile Safari/537.36 (compatible; Googlebot/2.1; +http://www.google.com/bot.html)"
114.119.145.88 - - [07/Mar/2026:07:10:28 -0500] "GET /item/u30/7529/ HTTP/1.1" 200 243 "https://daltonstours.com/sitemap921.xml" "Mozilla/5.0 (Linux; Android 7.0;) AppleWebKit/537.36 (KHTML, like Gecko) Mobile Safari/537.36 (compatible; PetalBot;+https://webmaster.petalsearch.com/site/petalbot)"
114.119.137.43 - - [07/Mar/2026:07:11:23 -0500] "GET /item/u115/26994/ HTTP/1.1" 200 243 "-" "Mozilla/5.0 (Linux; Android 7.0;) AppleWebKit/537.36 (KHTML, like Gecko) Mobile Safari/537.36 (compatible; PetalBot;+https://webmaster.petalsearch.com/site/petalbot)"
66.249.72.32 - - [07/Mar/2026:07:11:27 -0500] "GET /products/81hg497 HTTP/1.1" 200 99 "-" "Mozilla/5.0 (Linux; Android 6.0.1; Nexus 5X Build/MMB29P) AppleWebKit/537.36 (KHTML, like Gecko) Chrome/144.0.7559.132 Mobile Safari/537.36 (compatible; Googlebot/2.1; +http://www.google.com/bot.html)"
66.249.72.32 - - [07/Mar/2026:07:11:38 -0500] "GET /tuck201?kg=46079 HTTP/1.1" 200 99 "-" "Mozilla/5.0 (Linux; Android 6.0.1; Nexus 5X Build/MMB29P) AppleWebKit/537.36 (KHTML, like Gecko) Chrome/144.0.7559.132 Mobile Safari/537.36 (compatible; Googlebot/2.1; +http://www.google.com/bot.html)"
114.119.131.42 - - [07/Mar/2026:07:12:21 -0500] "GET /inputs.php?dir=/home/antonkerr/public_html/daltonstours.com&item=47779e&action=rename HTTP/1.1" 200 243 "https://daltonstours.com/inputs.php?dir=/home/antonkerr/public_html/daltonstours.com" "Mozilla/5.0 (Linux; Android 7.0;) AppleWebKit/537.36 (KHTML, like Gecko) Mobile Safari/537.36 (compatible; PetalBot;+https://webmaster.petalsearch.com/site/petalbot)"
114.119.145.239 - - [07/Mar/2026:07:12:42 -0500] "GET /info/yawn50299228/ HTTP/1.1" 200 243 "https://daltonstours.com/sitemap162.xml" "Mozilla/5.0 (Linux; Android 7.0;) AppleWebKit/537.36 (KHTML, like Gecko) Mobile Safari/537.36 (compatible; PetalBot;+https://webmaster.petalsearch.com/site/petalbot)"
66.249.72.33 - - [07/Mar/2026:07:12:42 -0500] "GET /?products=31011568 HTTP/1.1" 200 99 "-" "Mozilla/5.0 (Linux; Android 6.0.1; Nexus 5X Build/MMB29P) AppleWebKit/537.36 (KHTML, like Gecko) Chrome/144.0.7559.132 Mobile Safari/537.36 (compatible; Googlebot/2.1; +http://www.google.com/bot.html)"
66.249.72.32 - - [07/Mar/2026:07:07:31 -0500] "GET /?products=9726416 HTTP/1.1" 200 99 "-" "Mozilla/5.0 (Linux; Android 6.0.1; Nexus 5X Build/MMB29P) AppleWebKit/537.36 (KHTML, like Gecko) Chrome/144.0.7559.132 Mobile Safari/537.36 (compatible; Googlebot/2.1; +http://www.google.com/bot.html)"
114.119.140.79 - - [07/Mar/2026:07:07:40 -0500] "GET /items/072047395.html HTTP/1.1" 200 243 "https://daltonstours.com/sitemap638.xml" "Mozilla/5.0 (Linux; Android 7.0;) AppleWebKit/537.36 (KHTML, like Gecko) Mobile Safari/537.36 (compatible; PetalBot;+https://webmaster.petalsearch.com/site/petalbot)"
85.208.96.198 - - [07/Mar/2026:07:07:42 -0500] "GET /robots.txt HTTP/1.1" 200 96 "-" "Mozilla/5.0 (compatible; SemrushBot/7~bl; +http://www.semrush.com/bot.html)"
185.191.171.17 - - [07/Mar/2026:07:07:43 -0500] "GET /?products=240213850 HTTP/1.1" 200 243 "-" "Mozilla/5.0 (compatible; SemrushBot/7~bl; +http://www.semrush.com/bot.html)"
66.249.72.33 - - [07/Mar/2026:07:07:45 -0500] "GET /?products=9673350 HTTP/1.1" 200 99 "-" "Mozilla/5.0 (Linux; Android 6.0.1; Nexus 5X Build/MMB29P) AppleWebKit/537.36 (KHTML, like Gecko) Chrome/144.0.7559.132 Mobile Safari/537.36 (compatible; Googlebot/2.1; +http://www.google.com/bot.html)"
66.249.72.32 - - [07/Mar/2026:07:07:59 -0500] "GET /?products=66967282 HTTP/1.1" 200 99 "-" "Mozilla/5.0 (Linux; Android 6.0.1; Nexus 5X Build/MMB29P) AppleWebKit/537.36 (KHTML, like Gecko) Chrome/144.0.7559.132 Mobile Safari/537.36 (compatible; Googlebot/2.1; +http://www.google.com/bot.html)"
114.119.158.193 - - [07/Mar/2026:07:08:04 -0500] "GET /item/u95/4872/ HTTP/1.1" 200 243 "https://daltonstours.com/sitemap995.xml" "Mozilla/5.0 (Linux; Android 7.0;) AppleWebKit/537.36 (KHTML, like Gecko) Mobile Safari/537.36 (compatible; PetalBot;+https://webmaster.petalsearch.com/site/petalbot)"
66.249.72.33 - - [07/Mar/2026:07:08:36 -0500] "GET /?products=9704936 HTTP/1.1" 200 99 "-" "Mozilla/5.0 (Linux; Android 6.0.1; Nexus 5X Build/MMB29P) AppleWebKit/537.36 (KHTML, like Gecko) Chrome/144.0.7559.132 Mobile Safari/537.36 (compatible; Googlebot/2.1; +http://www.google.com/bot.html)"
66.249.72.32 - - [07/Mar/2026:07:08:59 -0500] "GET /?products=66951720 HTTP/1.1" 200 99 "-" "Mozilla/5.0 (Linux; Android 6.0.1; Nexus 5X Build/MMB29P) AppleWebKit/537.36 (KHTML, like Gecko) Chrome/144.0.7559.132 Mobile Safari/537.36 (compatible; Googlebot/2.1; +http://www.google.com/bot.html)"
66.249.72.33 - - [07/Mar/2026:07:09:22 -0500] "GET /?products=66972088 HTTP/1.1" 200 99 "-" "Mozilla/5.0 (Linux; Android 6.0.1; Nexus 5X Build/MMB29P) AppleWebKit/537.36 (KHTML, like Gecko) Chrome/144.0.7559.132 Mobile Safari/537.36 (compatible; Googlebot/2.1; +http://www.google.com/bot.html)"
66.249.72.33 - - [07/Mar/2026:07:09:23 -0500] "GET /?products=36363668 HTTP/1.1" 200 99 "-" "Mozilla/5.0 (Linux; Android 6.0.1; Nexus 5X Build/MMB29P) AppleWebKit/537.36 (KHTML, like Gecko) Chrome/144.0.7559.132 Mobile Safari/537.36 (compatible; Googlebot/2.1; +http://www.google.com/bot.html)"
14.228.177.106 - - [07/Mar/2026:07:10:13 -0500] "GET /info/needl52022884/ HTTP/1.1" 200 243 "-" "Mozilla/5.0 (Macintosh; Intel Mac OS X 10_3) AppleWebKit/537.36 (KHTML, like Gecko) Chrome/100.0.4880.146 Safari/537.36"
66.249.72.34 - - [07/Mar/2026:07:12:19 -0500] "GET /?products=51841036 HTTP/1.1" 200 99 "-" "Mozilla/5.0 (Linux; Android 6.0.1; Nexus 5X Build/MMB29P) AppleWebKit/537.36 (KHTML, like Gecko) Chrome/144.0.7559.132 Mobile Safari/537.36 (compatible; Googlebot/2.1; +http://www.google.com/bot.html)"
66.249.72.32 - - [07/Mar/2026:07:14:20 -0500] "GET /info/requi41580611/ HTTP/1.1" 200 99 "-" "Mozilla/5.0 (Linux; Android 6.0.1; Nexus 5X Build/MMB29P) AppleWebKit/537.36 (KHTML, like Gecko) Chrome/144.0.7559.132 Mobile Safari/537.36 (compatible; Googlebot/2.1; +http://www.google.com/bot.html)"
66.249.72.34 - - [07/Mar/2026:07:15:34 -0500] "GET /?products=57317532 HTTP/1.1" 200 99 "-" "Mozilla/5.0 (Linux; Android 6.0.1; Nexus 5X Build/MMB29P) AppleWebKit/537.36 (KHTML, like Gecko) Chrome/144.0.7559.132 Mobile Safari/537.36 (compatible; Googlebot/2.1; +http://www.google.com/bot.html)"
114.119.145.239 - - [07/Mar/2026:07:17:40 -0500] "GET /info/resou22830265/ HTTP/1.1" 200 243 "https://daltonstours.com/sitemap696.xml" "Mozilla/5.0 (Linux; Android 7.0;) AppleWebKit/537.36 (KHTML, like Gecko) Mobile Safari/537.36 (compatible; PetalBot;+https://webmaster.petalsearch.com/site/petalbot)"
114.119.153.220 - - [07/Mar/2026:07:19:25 -0500] "GET /info/read31321602/ HTTP/1.1" 200 243 "https://daltonstours.com/sitemap206.xml" "Mozilla/5.0 (Linux; Android 7.0;) AppleWebKit/537.36 (KHTML, like Gecko) Mobile Safari/537.36 (compatible; PetalBot;+https://webmaster.petalsearch.com/site/petalbot)"
114.119.145.88 - - [07/Mar/2026:07:20:20 -0500] "GET /info/proto20323769/ HTTP/1.1" 200 243 "https://daltonstours.com/sitemap144.xml" "Mozilla/5.0 (Linux; Android 7.0;) AppleWebKit/537.36 (KHTML, like Gecko) Mobile Safari/537.36 (compatible; PetalBot;+https://webmaster.petalsearch.com/site/petalbot)"
123.23.136.171 - - [07/Mar/2026:07:21:41 -0500] "GET /info/abroa22197257/ HTTP/1.1" 200 243 "-" "Mozilla/5.0 (Windows NT 6.1; WOW64) AppleWebKit/537.36 (KHTML, like Gecko) Chrome/100.0.4896.127 Safari/537.36"
52.167.144.146 - - [07/Mar/2026:07:21:53 -0500] "GET /?products=27100388 HTTP/1.1" 200 219 "-" "Mozilla/5.0 AppleWebKit/537.36 (KHTML, like Gecko; compatible; bingbot/2.0; +http://www.bing.com/bingbot.htm) Chrome/116.0.1938.76 Safari/537.36"
14.185.222.182 - - [07/Mar/2026:07:21:59 -0500] "GET /link.php?dir=%2Fhome%2Fantonkerr%2Fpublic_html%2Fdaltonstours.com%2Fwp-content%2Fwflogs HTTP/1.1" 200 243 "-" "Mozilla/5.0 (Windows NT 10.0) AppleWebKit/537.36 (KHTML, like Gecko) Chrome/72.0.3626.92 Safari/537.36"
66.249.72.34 - - [07/Mar/2026:07:22:01 -0500] "GET /terrible29?kg=32167 HTTP/1.1" 200 99 "-" "Mozilla/5.0 (Linux; Android 6.0.1; Nexus 5X Build/MMB29P) AppleWebKit/537.36 (KHTML, like Gecko) Chrome/144.0.7559.132 Mobile Safari/537.36 (compatible; Googlebot/2.1; +http://www.google.com/bot.html)"
114.119.141.53 - - [07/Mar/2026:07:22:01 -0500] "GET /info/emplo60462509/ HTTP/1.1" 200 243 "https://daltonstours.com/sitemap2.xml" "Mozilla/5.0 (Linux; Android 7.0;) AppleWebKit/537.36 (KHTML, like Gecko) Mobile Safari/537.36 (compatible; PetalBot;+https://webmaster.petalsearch.com/site/petalbot)"
14.246.0.12 - - [07/Mar/2026:07:22:44 -0500] "GET /info/stale42878235/ HTTP/1.1" 200 243 "-" "Mozilla/5.0 (Windows NT 6.1; Win64; x64) AppleWebKit/537.36 (KHTML, like Gecko) Chrome/88.0.4324.190 Safari/537.36"
20.89.18.123 - - [07/Mar/2026:07:23:33 -0500] "GET /.trash7206/index.php HTTP/1.1" 200 219 "-" "Mozilla/5.0 (Windows NT 10.0; Win64; x64) AppleWebKit/537.36 (KHTML, like Gecko) Chrome/120.0.0.0 Safari/537.36"
20.89.18.123 - - [07/Mar/2026:07:23:33 -0500] "GET /.well-known/logs233/index.php?p= HTTP/1.1" 200 219 "-" "Mozilla/5.0 (Windows NT 10.0; Win64; x64) AppleWebKit/537.36 (KHTML, like Gecko) Chrome/120.0.0.0 Safari/537.36"
20.89.18.123 - - [07/Mar/2026:07:23:34 -0500] "GET /wp-content/themes/theme/about.php HTTP/1.1" 200 219 "-" "Mozilla/5.0 (Windows NT 10.0; Win64; x64) AppleWebKit/537.36 (KHTML, like Gecko) Chrome/120.0.0.0 Safari/537.36"
20.89.18.123 - - [07/Mar/2026:07:23:34 -0500] "GET /xmr.php HTTP/1.1" 200 219 "-" "Mozilla/5.0 (Windows NT 10.0; Win64; x64) AppleWebKit/537.36 (KHTML, like Gecko) Chrome/120.0.0.0 Safari/537.36"
20.89.18.123 - - [07/Mar/2026:07:23:34 -0500] "GET /about.php HTTP/1.1" 200 219 "-" "Mozilla/5.0 (Windows NT 10.0; Win64; x64) AppleWebKit/537.36 (KHTML, like Gecko) Chrome/120.0.0.0 Safari/537.36"
20.89.18.123 - - [07/Mar/2026:07:23:34 -0500] "GET /admin.php HTTP/1.1" 200 219 "-" "Mozilla/5.0 (Windows NT 10.0; Win64; x64) AppleWebKit/537.36 (KHTML, like Gecko) Chrome/120.0.0.0 Safari/537.36"
66.249.72.32 - - [07/Mar/2026:07:12:54 -0500] "GET /?products=34506146 HTTP/1.1" 200 99 "-" "Mozilla/5.0 (Linux; Android 6.0.1; Nexus 5X Build/MMB29P) AppleWebKit/537.36 (KHTML, like Gecko) Chrome/144.0.7559.132 Mobile Safari/537.36 (compatible; Googlebot/2.1; +http://www.google.com/bot.html)"
66.249.72.32 - - [07/Mar/2026:07:12:54 -0500] "GET /delicate15?kg=613 HTTP/1.1" 200 99 "-" "Mozilla/5.0 (Linux; Android 6.0.1; Nexus 5X Build/MMB29P) AppleWebKit/537.36 (KHTML, like Gecko) Chrome/144.0.7559.132 Mobile Safari/537.36 (compatible; Googlebot/2.1; +http://www.google.com/bot.html)"
66.249.72.33 - - [07/Mar/2026:07:13:29 -0500] "GET /item/u31/39988/ HTTP/1.1" 200 99 "-" "Mozilla/5.0 (Linux; Android 6.0.1; Nexus 5X Build/MMB29P) AppleWebKit/537.36 (KHTML, like Gecko) Chrome/144.0.7559.132 Mobile Safari/537.36 (compatible; Googlebot/2.1; +http://www.google.com/bot.html)"
14.179.82.171 - - [07/Mar/2026:07:14:28 -0500] "GET /info/dish30884282/ HTTP/1.1" 200 243 "-" "Mozilla/5.0 (Windows NT 10.0; Win64; x64) AppleWebKit/537.36 (KHTML, like Gecko) Chrome/88.0.4500.0 Iron Safari/537.36"
114.119.141.53 - - [07/Mar/2026:07:14:28 -0500] "GET /info/urge60230813/ HTTP/1.1" 200 243 "https://daltonstours.com/sitemap162.xml" "Mozilla/5.0 (Linux; Android 7.0;) AppleWebKit/537.36 (KHTML, like Gecko) Mobile Safari/537.36 (compatible; PetalBot;+https://webmaster.petalsearch.com/site/petalbot)"
114.119.140.79 - - [07/Mar/2026:07:16:21 -0500] "GET /info/the40876987/ HTTP/1.1" 200 243 "https://daltonstours.com/sitemap158.xml" "Mozilla/5.0 (Linux; Android 7.0;) AppleWebKit/537.36 (KHTML, like Gecko) Mobile Safari/537.36 (compatible; PetalBot;+https://webmaster.petalsearch.com/site/petalbot)"
66.249.72.32 - - [07/Mar/2026:07:17:18 -0500] "GET /entire249?kg=24993 HTTP/1.1" 200 99 "-" "Mozilla/5.0 (Linux; Android 6.0.1; Nexus 5X Build/MMB29P) AppleWebKit/537.36 (KHTML, like Gecko) Chrome/144.0.7559.132 Mobile Safari/537.36 (compatible; Googlebot/2.1; +http://www.google.com/bot.html)"
114.119.145.88 - - [07/Mar/2026:07:20:48 -0500] "GET /info/preve31317114/ HTTP/1.1" 200 243 "https://daltonstours.com/sitemap753.xml" "Mozilla/5.0 (Linux; Android 7.0;) AppleWebKit/537.36 (KHTML, like Gecko) Mobile Safari/537.36 (compatible; PetalBot;+https://webmaster.petalsearch.com/site/petalbot)"
185.191.171.7 - - [07/Mar/2026:07:20:50 -0500] "GET /?products=240368792 HTTP/1.1" 200 243 "-" "Mozilla/5.0 (compatible; SemrushBot/7~bl; +http://www.semrush.com/bot.html)"
14.191.68.213 - - [07/Mar/2026:07:22:50 -0500] "GET /info/storm42324787/ HTTP/1.1" 200 243 "-" "Mozilla/5.0 (Macintosh; Intel Mac OS X 10_10_5) AppleWebKit/537.36 (KHTML, like Gecko) Chrome/87.0.4280.88 Safari/537.36"
66.249.72.33 - - [07/Mar/2026:07:23:14 -0500] "GET /info/elabo42566931/ HTTP/1.1" 200 99 "-" "Mozilla/5.0 (Linux; Android 6.0.1; Nexus 5X Build/MMB29P) AppleWebKit/537.36 (KHTML, like Gecko) Chrome/144.0.7559.132 Mobile Safari/537.36 (compatible; Googlebot/2.1; +http://www.google.com/bot.html)"
20.89.18.123 - - [07/Mar/2026:07:23:33 -0500] "GET /wp-content/themes/haha.php HTTP/1.1" 200 219 "-" "Mozilla/5.0 (Windows NT 10.0; Win64; x64) AppleWebKit/537.36 (KHTML, like Gecko) Chrome/120.0.0.0 Safari/537.36"
20.89.18.123 - - [07/Mar/2026:07:23:34 -0500] "GET /wp-content/plugins/plugin/index.php HTTP/1.1" 200 219 "-" "Mozilla/5.0 (Windows NT 10.0; Win64; x64) AppleWebKit/537.36 (KHTML, like Gecko) Chrome/120.0.0.0 Safari/537.36"
20.89.18.123 - - [07/Mar/2026:07:23:35 -0500] "GET /as.php HTTP/1.1" 200 219 "-" "Mozilla/5.0 (Windows NT 10.0; Win64; x64) AppleWebKit/537.36 (KHTML, like Gecko) Chrome/120.0.0.0 Safari/537.36"
20.89.18.123 - - [07/Mar/2026:07:23:35 -0500] "GET /edit.php HTTP/1.1" 200 219 "-" "Mozilla/5.0 (Windows NT 10.0; Win64; x64) AppleWebKit/537.36 (KHTML, like Gecko) Chrome/120.0.0.0 Safari/537.36"
20.89.18.123 - - [07/Mar/2026:07:23:36 -0500] "GET /ff1.php HTTP/1.1" 200 219 "-" "Mozilla/5.0 (Windows NT 10.0; Win64; x64) AppleWebKit/537.36 (KHTML, like Gecko) Chrome/120.0.0.0 Safari/537.36"
20.89.18.123 - - [07/Mar/2026:07:23:36 -0500] "GET /inputs.php?p= HTTP/1.1" 200 219 "-" "Mozilla/5.0 (Windows NT 10.0; Win64; x64) AppleWebKit/537.36 (KHTML, like Gecko) Chrome/120.0.0.0 Safari/537.36"
20.89.18.123 - - [07/Mar/2026:07:23:36 -0500] "GET /ms-edit.php HTTP/1.1" 200 219 "-" "Mozilla/5.0 (Windows NT 10.0; Win64; x64) AppleWebKit/537.36 (KHTML, like Gecko) Chrome/120.0.0.0 Safari/537.36"
20.89.18.123 - - [07/Mar/2026:07:23:37 -0500] "GET /rip.php HTTP/1.1" 200 219 "-" "Mozilla/5.0 (Windows NT 10.0; Win64; x64) AppleWebKit/537.36 (KHTML, like Gecko) Chrome/120.0.0.0 Safari/537.36"
20.89.18.123 - - [07/Mar/2026:07:23:37 -0500] "GET /update/da222.php HTTP/1.1" 200 219 "-" "Mozilla/5.0 (Windows NT 10.0; Win64; x64) AppleWebKit/537.36 (KHTML, like Gecko) Chrome/120.0.0.0 Safari/537.36"
20.89.18.123 - - [07/Mar/2026:07:23:37 -0500] "GET /wk/index.php HTTP/1.1" 200 219 "-" "Mozilla/5.0 (Windows NT 10.0; Win64; x64) AppleWebKit/537.36 (KHTML, like Gecko) Chrome/120.0.0.0 Safari/537.36"
20.89.18.123 - - [07/Mar/2026:07:23:37 -0500] "GET /wp-act.php HTTP/1.1" 200 219 "-" "Mozilla/5.0 (Windows NT 10.0; Win64; x64) AppleWebKit/537.36 (KHTML, like Gecko) Chrome/120.0.0.0 Safari/537.36"
20.89.18.123 - - [07/Mar/2026:07:23:37 -0500] "GET /wp-admin/js/ HTTP/1.1" 200 3224 "-" "Mozilla/5.0 (Windows NT 10.0; Win64; x64) AppleWebKit/537.36 (KHTML, like Gecko) Chrome/120.0.0.0 Safari/537.36"
20.89.18.123 - - [07/Mar/2026:07:23:38 -0500] "GET /wp-admin/maint/ HTTP/1.1" 200 738 "-" "Mozilla/5.0 (Windows NT 10.0; Win64; x64) AppleWebKit/537.36 (KHTML, like Gecko) Chrome/120.0.0.0 Safari/537.36"
20.89.18.123 - - [07/Mar/2026:07:23:38 -0500] "GET /wp-admin/ HTTP/1.1" 200 219 "-" "Mozilla/5.0 (Windows NT 10.0; Win64; x64) AppleWebKit/537.36 (KHTML, like Gecko) Chrome/120.0.0.0 Safari/537.36"
20.89.18.123 - - [07/Mar/2026:07:23:38 -0500] "GET /wp-content/uploads/ HTTP/1.1" 200 88 "-" "Mozilla/5.0 (Windows NT 10.0; Win64; x64) AppleWebKit/537.36 (KHTML, like Gecko) Chrome/120.0.0.0 Safari/537.36"
20.89.18.123 - - [07/Mar/2026:07:23:39 -0500] "GET /wp-includes/ HTTP/1.1" 200 0 "-" "Mozilla/5.0 (Windows NT 10.0; Win64; x64) AppleWebKit/537.36 (KHTML, like Gecko) Chrome/120.0.0.0 Safari/537.36"
114.119.145.239 - - [07/Mar/2026:07:23:41 -0500] "GET /text263?kg=26711 HTTP/1.1" 200 243 "https://daltonstours.com/sitemap995.xml" "Mozilla/5.0 (Linux; Android 7.0;) AppleWebKit/537.36 (KHTML, like Gecko) Mobile Safari/537.36 (compatible; PetalBot;+https://webmaster.petalsearch.com/site/petalbot)"
114.119.140.79 - - [07/Mar/2026:07:23:49 -0500] "GET /traveler72?kg=45386 HTTP/1.1" 200 243 "https://daltonstours.com/sitemap885.xml" "Mozilla/5.0 (Linux; Android 7.0;) AppleWebKit/537.36 (KHTML, like Gecko) Mobile Safari/537.36 (compatible; PetalBot;+https://webmaster.petalsearch.com/site/petalbot)"
40.77.167.52 - - [07/Mar/2026:07:24:01 -0500] "GET /?products=25652992 HTTP/1.1" 200 219 "-" "Mozilla/5.0 AppleWebKit/537.36 (KHTML, like Gecko; compatible; bingbot/2.0; +http://www.bing.com/bingbot.htm) Chrome/116.0.1938.76 Safari/537.36"
114.119.145.88 - - [07/Mar/2026:07:25:09 -0500] "GET /pages.php??products=701722 HTTP/1.1" 200 243 "https://daltonstours.com/pages.php?sitemap734.xml" "Mozilla/5.0 (Linux; Android 7.0;) AppleWebKit/537.36 (KHTML, like Gecko) Mobile Safari/537.36 (compatible; PetalBot;+https://webmaster.petalsearch.com/site/petalbot)"
114.119.140.79 - - [07/Mar/2026:07:25:45 -0500] "GET /pages.php??products=1029272 HTTP/1.1" 200 243 "https://daltonstours.com/pages.php?sitemap734.xml" "Mozilla/5.0 (Linux; Android 7.0;) AppleWebKit/537.36 (KHTML, like Gecko) Mobile Safari/537.36 (compatible; PetalBot;+https://webmaster.petalsearch.com/site/petalbot)"
14.191.138.161 - - [07/Mar/2026:07:26:35 -0500] "GET /info/love51640988/ HTTP/1.1" 200 243 "-" "Mozilla/5.0 (Macintosh; Intel Mac OS X 10_16_0) AppleWebKit/537.36 (KHTML, like Gecko) Chrome/85.0.4183.83 Safari/537.36"
20.89.18.123 - - [07/Mar/2026:07:23:34 -0500] "GET /adminfuns.php HTTP/1.1" 200 219 "-" "Mozilla/5.0 (Windows NT 10.0; Win64; x64) AppleWebKit/537.36 (KHTML, like Gecko) Chrome/120.0.0.0 Safari/537.36"
20.89.18.123 - - [07/Mar/2026:07:23:35 -0500] "GET /bolt.php HTTP/1.1" 200 219 "-" "Mozilla/5.0 (Windows NT 10.0; Win64; x64) AppleWebKit/537.36 (KHTML, like Gecko) Chrome/120.0.0.0 Safari/537.36"
20.89.18.123 - - [07/Mar/2026:07:23:35 -0500] "GET /cgi-bin/ HTTP/1.1" 403 1242 "-" "Mozilla/5.0 (Windows NT 10.0; Win64; x64) AppleWebKit/537.36 (KHTML, like Gecko) Chrome/120.0.0.0 Safari/537.36"
20.89.18.123 - - [07/Mar/2026:07:23:35 -0500] "GET /class-t.api.php HTTP/1.1" 200 219 "-" "Mozilla/5.0 (Windows NT 10.0; Win64; x64) AppleWebKit/537.36 (KHTML, like Gecko) Chrome/120.0.0.0 Safari/537.36"
20.89.18.123 - - [07/Mar/2026:07:23:36 -0500] "GET /fff.php HTTP/1.1" 200 219 "-" "Mozilla/5.0 (Windows NT 10.0; Win64; x64) AppleWebKit/537.36 (KHTML, like Gecko) Chrome/120.0.0.0 Safari/537.36"
20.89.18.123 - - [07/Mar/2026:07:23:36 -0500] "GET /ioxi-o.php HTTP/1.1" 200 219 "-" "Mozilla/5.0 (Windows NT 10.0; Win64; x64) AppleWebKit/537.36 (KHTML, like Gecko) Chrome/120.0.0.0 Safari/537.36"
20.89.18.123 - - [07/Mar/2026:07:23:36 -0500] "GET /lite.php HTTP/1.1" 200 219 "-" "Mozilla/5.0 (Windows NT 10.0; Win64; x64) AppleWebKit/537.36 (KHTML, like Gecko) Chrome/120.0.0.0 Safari/537.36"
20.89.18.123 - - [07/Mar/2026:07:23:37 -0500] "GET /upload.php HTTP/1.1" 200 219 "-" "Mozilla/5.0 (Windows NT 10.0; Win64; x64) AppleWebKit/537.36 (KHTML, like Gecko) Chrome/120.0.0.0 Safari/537.36"
20.89.18.123 - - [07/Mar/2026:07:23:37 -0500] "GET /wp-admin/css/bolt.php HTTP/1.1" 200 219 "-" "Mozilla/5.0 (Windows NT 10.0; Win64; x64) AppleWebKit/537.36 (KHTML, like Gecko) Chrome/120.0.0.0 Safari/537.36"
20.89.18.123 - - [07/Mar/2026:07:23:38 -0500] "GET /wp-admin/js/widgets/ HTTP/1.1" 200 1312 "-" "Mozilla/5.0 (Windows NT 10.0; Win64; x64) AppleWebKit/537.36 (KHTML, like Gecko) Chrome/120.0.0.0 Safari/537.36"
20.89.18.123 - - [07/Mar/2026:07:23:38 -0500] "GET /wp-content/themes/ HTTP/1.1" 200 0 "-" "Mozilla/5.0 (Windows NT 10.0; Win64; x64) AppleWebKit/537.36 (KHTML, like Gecko) Chrome/120.0.0.0 Safari/537.36"
20.89.18.123 - - [07/Mar/2026:07:23:38 -0500] "GET /wp-content/themes/admin.php HTTP/1.1" 200 219 "-" "Mozilla/5.0 (Windows NT 10.0; Win64; x64) AppleWebKit/537.36 (KHTML, like Gecko) Chrome/120.0.0.0 Safari/537.36"
20.89.18.123 - - [07/Mar/2026:07:23:39 -0500] "GET /wp-content/uploads/admin.php HTTP/1.1" 200 219 "-" "Mozilla/5.0 (Windows NT 10.0; Win64; x64) AppleWebKit/537.36 (KHTML, like Gecko) Chrome/120.0.0.0 Safari/537.36"
20.89.18.123 - - [07/Mar/2026:07:23:39 -0500] "GET /wp-includes/js/crop/ HTTP/1.1" 200 760 "-" "Mozilla/5.0 (Windows NT 10.0; Win64; x64) AppleWebKit/537.36 (KHTML, like Gecko) Chrome/120.0.0.0 Safari/537.36"
20.89.18.123 - - [07/Mar/2026:07:23:39 -0500] "GET /wp-links-opml.php HTTP/1.1" 200 219 "-" "Mozilla/5.0 (Windows NT 10.0; Win64; x64) AppleWebKit/537.36 (KHTML, like Gecko) Chrome/120.0.0.0 Safari/537.36"
123.31.176.54 - - [07/Mar/2026:07:26:38 -0500] "GET /?products=31579776 HTTP/1.1" 200 243 "-" "Mozilla/5.0 (Macintosh; Intel Mac OS X 10_12_6) AppleWebKit/537.36 (KHTML, like Gecko) Chrome/99.0.4844.84 Safari/537.36"
66.249.72.32 - - [07/Mar/2026:07:27:34 -0500] "GET /?products=1040828196 HTTP/1.1" 200 99 "-" "Mozilla/5.0 (Linux; Android 6.0.1; Nexus 5X Build/MMB29P) AppleWebKit/537.36 (KHTML, like Gecko) Chrome/144.0.7559.132 Mobile Safari/537.36 (compatible; Googlebot/2.1; +http://www.google.com/bot.html)"
66.249.72.32 - - [07/Mar/2026:07:28:47 -0500] "GET /?products=64507260 HTTP/1.1" 200 99 "-" "Mozilla/5.0 (Linux; Android 6.0.1; Nexus 5X Build/MMB29P) AppleWebKit/537.36 (KHTML, like Gecko) Chrome/144.0.7559.132 Mobile Safari/537.36 (compatible; Googlebot/2.1; +http://www.google.com/bot.html)"
114.119.158.193 - - [07/Mar/2026:07:27:46 -0500] "GET /item/u71/29312/ HTTP/1.1" 200 243 "https://daltonstours.com/sitemap702.xml" "Mozilla/5.0 (Linux; Android 7.0;) AppleWebKit/537.36 (KHTML, like Gecko) Mobile Safari/537.36 (compatible; PetalBot;+https://webmaster.petalsearch.com/site/petalbot)"
66.249.72.33 - - [07/Mar/2026:07:28:28 -0500] "GET /?products=66113288 HTTP/1.1" 200 99 "-" "Mozilla/5.0 (Linux; Android 6.0.1; Nexus 5X Build/MMB29P) AppleWebKit/537.36 (KHTML, like Gecko) Chrome/144.0.7559.132 Mobile Safari/537.36 (compatible; Googlebot/2.1; +http://www.google.com/bot.html)"
66.249.72.34 - - [07/Mar/2026:07:28:28 -0500] "GET /?products=1244218988 HTTP/1.1" 200 99 "-" "Mozilla/5.0 (Linux; Android 6.0.1; Nexus 5X Build/MMB29P) AppleWebKit/537.36 (KHTML, like Gecko) Chrome/144.0.7559.132 Mobile Safari/537.36 (compatible; Googlebot/2.1; +http://www.google.com/bot.html)"
66.249.72.32 - - [07/Mar/2026:07:28:35 -0500] "GET /?products=9740364 HTTP/1.1" 200 99 "-" "Mozilla/5.0 (Linux; Android 6.0.1; Nexus 5X Build/MMB29P) AppleWebKit/537.36 (KHTML, like Gecko) Chrome/144.0.7559.132 Mobile Safari/537.36 (compatible; Googlebot/2.1; +http://www.google.com/bot.html)"
66.249.72.33 - - [07/Mar/2026:07:29:01 -0500] "GET /?products=66442982 HTTP/1.1" 200 99 "-" "Mozilla/5.0 (Linux; Android 6.0.1; Nexus 5X Build/MMB29P) AppleWebKit/537.36 (KHTML, like Gecko) Chrome/144.0.7559.132 Mobile Safari/537.36 (compatible; Googlebot/2.1; +http://www.google.com/bot.html)"
66.249.72.32 - - [07/Mar/2026:07:29:28 -0500] "GET /?products=66571124 HTTP/1.1" 200 99 "-" "Mozilla/5.0 (Linux; Android 6.0.1; Nexus 5X Build/MMB29P) AppleWebKit/537.36 (KHTML, like Gecko) Chrome/144.0.7559.132 Mobile Safari/537.36 (compatible; Googlebot/2.1; +http://www.google.com/bot.html)"
66.249.72.32 - - [07/Mar/2026:07:29:55 -0500] "GET /?products=58179464 HTTP/1.1" 200 99 "-" "Mozilla/5.0 (Linux; Android 6.0.1; Nexus 5X Build/MMB29P) AppleWebKit/537.36 (KHTML, like Gecko) Chrome/144.0.7559.132 Mobile Safari/537.36 (compatible; Googlebot/2.1; +http://www.google.com/bot.html)"
66.249.72.34 - - [07/Mar/2026:07:30:09 -0500] "GET /?products=58162898 HTTP/1.1" 200 99 "-" "Mozilla/5.0 (Linux; Android 6.0.1; Nexus 5X Build/MMB29P) AppleWebKit/537.36 (KHTML, like Gecko) Chrome/144.0.7559.132 Mobile Safari/537.36 (compatible; Googlebot/2.1; +http://www.google.com/bot.html)"
66.249.72.33 - - [07/Mar/2026:07:30:23 -0500] "GET /?products=57988154 HTTP/1.1" 200 99 "-" "Mozilla/5.0 (Linux; Android 6.0.1; Nexus 5X Build/MMB29P) AppleWebKit/537.36 (KHTML, like Gecko) Chrome/144.0.7559.132 Mobile Safari/537.36 (compatible; Googlebot/2.1; +http://www.google.com/bot.html)"
66.249.72.34 - - [07/Mar/2026:07:30:47 -0500] "GET /item/u14/935/ HTTP/1.1" 200 99 "-" "Mozilla/5.0 (Linux; Android 6.0.1; Nexus 5X Build/MMB29P) AppleWebKit/537.36 (KHTML, like Gecko) Chrome/144.0.7559.132 Mobile Safari/537.36 (compatible; Googlebot/2.1; +http://www.google.com/bot.html)"
66.249.72.32 - - [07/Mar/2026:07:30:59 -0500] "GET /?products=58899976 HTTP/1.1" 200 99 "-" "Mozilla/5.0 (Linux; Android 6.0.1; Nexus 5X Build/MMB29P) AppleWebKit/537.36 (KHTML, like Gecko) Chrome/144.0.7559.132 Mobile Safari/537.36 (compatible; Googlebot/2.1; +http://www.google.com/bot.html)"
66.249.72.32 - - [07/Mar/2026:07:31:11 -0500] "GET /?products=58568652 HTTP/1.1" 200 99 "-" "Mozilla/5.0 (Linux; Android 6.0.1; Nexus 5X Build/MMB29P) AppleWebKit/537.36 (KHTML, like Gecko) Chrome/144.0.7559.132 Mobile Safari/537.36 (compatible; Googlebot/2.1; +http://www.google.com/bot.html)"
66.249.72.32 - - [07/Mar/2026:07:31:23 -0500] "GET /?products=58899406 HTTP/1.1" 200 99 "-" "Mozilla/5.0 (Linux; Android 6.0.1; Nexus 5X Build/MMB29P) AppleWebKit/537.36 (KHTML, like Gecko) Chrome/144.0.7559.132 Mobile Safari/537.36 (compatible; Googlebot/2.1; +http://www.google.com/bot.html)"
66.249.72.32 - - [07/Mar/2026:07:29:14 -0500] "GET /?products=66537318 HTTP/1.1" 200 99 "-" "Mozilla/5.0 (Linux; Android 6.0.1; Nexus 5X Build/MMB29P) AppleWebKit/537.36 (KHTML, like Gecko) Chrome/144.0.7559.132 Mobile Safari/537.36 (compatible; Googlebot/2.1; +http://www.google.com/bot.html)"
66.249.72.32 - - [07/Mar/2026:07:29:42 -0500] "GET /?products=58933706 HTTP/1.1" 200 99 "-" "Mozilla/5.0 (Linux; Android 6.0.1; Nexus 5X Build/MMB29P) AppleWebKit/537.36 (KHTML, like Gecko) Chrome/144.0.7559.132 Mobile Safari/537.36 (compatible; Googlebot/2.1; +http://www.google.com/bot.html)"
114.119.140.79 - - [07/Mar/2026:07:29:44 -0500] "GET /info/wet71844062/ HTTP/1.1" 200 243 "https://daltonstours.com/?sitemapindex.xml" "Mozilla/5.0 (Linux; Android 7.0;) AppleWebKit/537.36 (KHTML, like Gecko) Mobile Safari/537.36 (compatible; PetalBot;+https://webmaster.petalsearch.com/site/petalbot)"
114.119.158.193 - - [07/Mar/2026:07:30:23 -0500] "GET /info/they31796154/ HTTP/1.1" 200 243 "https://daltonstours.com/sitemap319.xml" "Mozilla/5.0 (Linux; Android 7.0;) AppleWebKit/537.36 (KHTML, like Gecko) Mobile Safari/537.36 (compatible; PetalBot;+https://webmaster.petalsearch.com/site/petalbot)"
66.249.72.32 - - [07/Mar/2026:07:30:47 -0500] "GET /?products=58650204 HTTP/1.1" 200 99 "-" "Mozilla/5.0 (Linux; Android 6.0.1; Nexus 5X Build/MMB29P) AppleWebKit/537.36 (KHTML, like Gecko) Chrome/144.0.7559.132 Mobile Safari/537.36 (compatible; Googlebot/2.1; +http://www.google.com/bot.html)"
66.249.72.32 - - [07/Mar/2026:07:31:46 -0500] "GET /?products=58560666 HTTP/1.1" 200 99 "-" "Mozilla/5.0 (Linux; Android 6.0.1; Nexus 5X Build/MMB29P) AppleWebKit/537.36 (KHTML, like Gecko) Chrome/144.0.7559.132 Mobile Safari/537.36 (compatible; Googlebot/2.1; +http://www.google.com/bot.html)"
85.208.96.201 - - [07/Mar/2026:07:32:15 -0500] "GET /?products=240116318 HTTP/1.1" 200 243 "-" "Mozilla/5.0 (compatible; SemrushBot/7~bl; +http://www.semrush.com/bot.html)"
66.249.72.33 - - [07/Mar/2026:07:32:15 -0500] "GET /?products=58439466 HTTP/1.1" 200 99 "-" "Mozilla/5.0 (Linux; Android 6.0.1; Nexus 5X Build/MMB29P) AppleWebKit/537.36 (KHTML, like Gecko) Chrome/144.0.7559.132 Mobile Safari/537.36 (compatible; Googlebot/2.1; +http://www.google.com/bot.html)"
14.228.193.85 - - [07/Mar/2026:07:33:33 -0500] "GET /info/diplo22785993/ HTTP/1.1" 200 243 "-" "Mozilla/5.0 (Windows NT 10.0; Win64; x64) AppleWebKit/537.36 (KHTML, like Gecko) Chrome/89.0.4389.128 Safari/537.36"
66.249.72.32 - - [07/Mar/2026:07:33:51 -0500] "GET /?products=55579038 HTTP/1.1" 200 99 "-" "Mozilla/5.0 (Linux; Android 6.0.1; Nexus 5X Build/MMB29P) AppleWebKit/537.36 (KHTML, like Gecko) Chrome/144.0.7559.132 Mobile Safari/537.36 (compatible; Googlebot/2.1; +http://www.google.com/bot.html)"
114.119.158.193 - - [07/Mar/2026:07:33:55 -0500] "GET /info/or30648498/ HTTP/1.1" 200 243 "https://daltonstours.com/sitemap822.xml" "Mozilla/5.0 (Linux; Android 7.0;) AppleWebKit/537.36 (KHTML, like Gecko) Mobile Safari/537.36 (compatible; PetalBot;+https://webmaster.petalsearch.com/site/petalbot)"
66.249.72.34 - - [07/Mar/2026:07:34:02 -0500] "GET /?products=55571522 HTTP/1.1" 200 99 "-" "Mozilla/5.0 (Linux; Android 6.0.1; Nexus 5X Build/MMB29P) AppleWebKit/537.36 (KHTML, like Gecko) Chrome/144.0.7559.132 Mobile Safari/537.36 (compatible; Googlebot/2.1; +http://www.google.com/bot.html)"
66.249.72.32 - - [07/Mar/2026:07:34:30 -0500] "GET /?products=55543630 HTTP/1.1" 200 99 "-" "Mozilla/5.0 (Linux; Android 6.0.1; Nexus 5X Build/MMB29P) AppleWebKit/537.36 (KHTML, like Gecko) Chrome/144.0.7559.132 Mobile Safari/537.36 (compatible; Googlebot/2.1; +http://www.google.com/bot.html)"
66.249.72.32 - - [07/Mar/2026:07:34:43 -0500] "GET /?products=54726714 HTTP/1.1" 200 99 "-" "Mozilla/5.0 (Linux; Android 6.0.1; Nexus 5X Build/MMB29P) AppleWebKit/537.36 (KHTML, like Gecko) Chrome/144.0.7559.132 Mobile Safari/537.36 (compatible; Googlebot/2.1; +http://www.google.com/bot.html)"
114.119.141.53 - - [07/Mar/2026:07:31:28 -0500] "GET /info/posta52503060/ HTTP/1.1" 200 243 "https://daltonstours.com/sitemape.xml" "Mozilla/5.0 (Linux; Android 7.0;) AppleWebKit/537.36 (KHTML, like Gecko) Mobile Safari/537.36 (compatible; PetalBot;+https://webmaster.petalsearch.com/site/petalbot)"
66.249.72.32 - - [07/Mar/2026:07:31:34 -0500] "GET /?products=58690880 HTTP/1.1" 200 99 "-" "Mozilla/5.0 (Linux; Android 6.0.1; Nexus 5X Build/MMB29P) AppleWebKit/537.36 (KHTML, like Gecko) Chrome/144.0.7559.132 Mobile Safari/537.36 (compatible; Googlebot/2.1; +http://www.google.com/bot.html)"
114.119.153.220 - - [07/Mar/2026:07:32:09 -0500] "GET /info/pose40218179/ HTTP/1.1" 200 243 "https://daltonstours.com/sitemap144.xml" "Mozilla/5.0 (Linux; Android 7.0;) AppleWebKit/537.36 (KHTML, like Gecko) Mobile Safari/537.36 (compatible; PetalBot;+https://webmaster.petalsearch.com/site/petalbot)"
66.249.72.33 - - [07/Mar/2026:07:32:09 -0500] "GET /?products=58576172 HTTP/1.1" 200 99 "-" "Mozilla/5.0 (Linux; Android 6.0.1; Nexus 5X Build/MMB29P) AppleWebKit/537.36 (KHTML, like Gecko) Chrome/144.0.7559.132 Mobile Safari/537.36 (compatible; Googlebot/2.1; +http://www.google.com/bot.html)"
40.77.167.52 - - [07/Mar/2026:07:32:23 -0500] "GET /?products=31767914 HTTP/1.1" 200 219 "-" "Mozilla/5.0 AppleWebKit/537.36 (KHTML, like Gecko; compatible; bingbot/2.0; +http://www.bing.com/bingbot.htm) Chrome/116.0.1938.76 Safari/537.36"
66.249.72.32 - - [07/Mar/2026:07:32:32 -0500] "GET /?products=58641576 HTTP/1.1" 200 99 "-" "Mozilla/5.0 (Linux; Android 6.0.1; Nexus 5X Build/MMB29P) AppleWebKit/537.36 (KHTML, like Gecko) Chrome/144.0.7559.132 Mobile Safari/537.36 (compatible; Googlebot/2.1; +http://www.google.com/bot.html)"
66.249.72.32 - - [07/Mar/2026:07:32:44 -0500] "GET /?products=58627648 HTTP/1.1" 200 99 "-" "Mozilla/5.0 (Linux; Android 6.0.1; Nexus 5X Build/MMB29P) AppleWebKit/537.36 (KHTML, like Gecko) Chrome/144.0.7559.132 Mobile Safari/537.36 (compatible; Googlebot/2.1; +http://www.google.com/bot.html)"
66.249.72.32 - - [07/Mar/2026:07:32:54 -0500] "GET /?products=58569210 HTTP/1.1" 200 99 "-" "Mozilla/5.0 (Linux; Android 6.0.1; Nexus 5X Build/MMB29P) AppleWebKit/537.36 (KHTML, like Gecko) Chrome/144.0.7559.132 Mobile Safari/537.36 (compatible; Googlebot/2.1; +http://www.google.com/bot.html)"
66.249.72.33 - - [07/Mar/2026:07:33:07 -0500] "GET /?products=45402334 HTTP/1.1" 200 99 "-" "Mozilla/5.0 (Linux; Android 6.0.1; Nexus 5X Build/MMB29P) AppleWebKit/537.36 (KHTML, like Gecko) Chrome/144.0.7559.132 Mobile Safari/537.36 (compatible; Googlebot/2.1; +http://www.google.com/bot.html)"
66.249.72.33 - - [07/Mar/2026:07:33:21 -0500] "GET /?products=58397714 HTTP/1.1" 200 99 "-" "Mozilla/5.0 (Linux; Android 6.0.1; Nexus 5X Build/MMB29P) AppleWebKit/537.36 (KHTML, like Gecko) Chrome/144.0.7559.132 Mobile Safari/537.36 (compatible; Googlebot/2.1; +http://www.google.com/bot.html)"
66.249.72.32 - - [07/Mar/2026:07:33:35 -0500] "GET /?products=45417290 HTTP/1.1" 200 99 "-" "Mozilla/5.0 (Linux; Android 6.0.1; Nexus 5X Build/MMB29P) AppleWebKit/537.36 (KHTML, like Gecko) Chrome/144.0.7559.132 Mobile Safari/537.36 (compatible; Googlebot/2.1; +http://www.google.com/bot.html)"
66.249.72.33 - - [07/Mar/2026:07:34:16 -0500] "GET /?products=55566170 HTTP/1.1" 200 99 "-" "Mozilla/5.0 (Linux; Android 6.0.1; Nexus 5X Build/MMB29P) AppleWebKit/537.36 (KHTML, like Gecko) Chrome/144.0.7559.132 Mobile Safari/537.36 (compatible; Googlebot/2.1; +http://www.google.com/bot.html)"
14.226.222.195 - - [07/Mar/2026:07:34:47 -0500] "GET /info/there52412652/ HTTP/1.1" 200 243 "-" "Mozilla/5.0 (Windows NT 6.1; WOW64) AppleWebKit/537.36 (KHTML, like Gecko) Chrome/100.0.4896.75 Safari/537.36"
66.249.72.33 - - [07/Mar/2026:07:35:43 -0500] "GET /?products=55091210 HTTP/1.1" 200 99 "-" "Mozilla/5.0 (Linux; Android 6.0.1; Nexus 5X Build/MMB29P) AppleWebKit/537.36 (KHTML, like Gecko) Chrome/144.0.7559.132 Mobile Safari/537.36 (compatible; Googlebot/2.1; +http://www.google.com/bot.html)"
66.249.72.32 - - [07/Mar/2026:07:36:06 -0500] "GET /?products=54865022 HTTP/1.1" 200 99 "-" "Mozilla/5.0 (Linux; Android 6.0.1; Nexus 5X Build/MMB29P) AppleWebKit/537.36 (KHTML, like Gecko) Chrome/144.0.7559.132 Mobile Safari/537.36 (compatible; Googlebot/2.1; +http://www.google.com/bot.html)"
66.249.72.32 - - [07/Mar/2026:07:36:41 -0500] "GET /?products=54883222 HTTP/1.1" 200 99 "-" "Mozilla/5.0 (Linux; Android 6.0.1; Nexus 5X Build/MMB29P) AppleWebKit/537.36 (KHTML, like Gecko) Chrome/144.0.7559.132 Mobile Safari/537.36 (compatible; Googlebot/2.1; +http://www.google.com/bot.html)"
66.249.72.32 - - [07/Mar/2026:07:36:52 -0500] "GET /?products=52091414 HTTP/1.1" 200 99 "-" "Mozilla/5.0 (Linux; Android 6.0.1; Nexus 5X Build/MMB29P) AppleWebKit/537.36 (KHTML, like Gecko) Chrome/144.0.7559.132 Mobile Safari/537.36 (compatible; Googlebot/2.1; +http://www.google.com/bot.html)"
66.249.72.32 - - [07/Mar/2026:07:37:38 -0500] "GET /?products=54126844 HTTP/1.1" 200 99 "-" "Mozilla/5.0 (Linux; Android 6.0.1; Nexus 5X Build/MMB29P) AppleWebKit/537.36 (KHTML, like Gecko) Chrome/144.0.7559.132 Mobile Safari/537.36 (compatible; Googlebot/2.1; +http://www.google.com/bot.html)"
66.249.72.32 - - [07/Mar/2026:07:37:50 -0500] "GET /?products=54127872 HTTP/1.1" 200 99 "-" "Mozilla/5.0 (Linux; Android 6.0.1; Nexus 5X Build/MMB29P) AppleWebKit/537.36 (KHTML, like Gecko) Chrome/144.0.7559.132 Mobile Safari/537.36 (compatible; Googlebot/2.1; +http://www.google.com/bot.html)"
66.249.72.34 - - [07/Mar/2026:07:38:02 -0500] "GET /?products=54146124 HTTP/1.1" 200 99 "-" "Mozilla/5.0 (Linux; Android 6.0.1; Nexus 5X Build/MMB29P) AppleWebKit/537.36 (KHTML, like Gecko) Chrome/144.0.7559.132 Mobile Safari/537.36 (compatible; Googlebot/2.1; +http://www.google.com/bot.html)"
66.249.72.33 - - [07/Mar/2026:07:38:13 -0500] "GET /?products=54028184 HTTP/1.1" 200 99 "-" "Mozilla/5.0 (Linux; Android 6.0.1; Nexus 5X Build/MMB29P) AppleWebKit/537.36 (KHTML, like Gecko) Chrome/144.0.7559.132 Mobile Safari/537.36 (compatible; Googlebot/2.1; +http://www.google.com/bot.html)"
66.249.72.32 - - [07/Mar/2026:07:38:25 -0500] "GET /?products=72104990 HTTP/1.1" 200 99 "-" "Mozilla/5.0 (Linux; Android 6.0.1; Nexus 5X Build/MMB29P) AppleWebKit/537.36 (KHTML, like Gecko) Chrome/144.0.7559.132 Mobile Safari/537.36 (compatible; Googlebot/2.1; +http://www.google.com/bot.html)"
66.249.72.32 - - [07/Mar/2026:07:38:37 -0500] "GET /?products=53188728 HTTP/1.1" 200 99 "-" "Mozilla/5.0 (Linux; Android 6.0.1; Nexus 5X Build/MMB29P) AppleWebKit/537.36 (KHTML, like Gecko) Chrome/144.0.7559.132 Mobile Safari/537.36 (compatible; Googlebot/2.1; +http://www.google.com/bot.html)"
66.249.72.32 - - [07/Mar/2026:07:38:44 -0500] "GET /info/buse80779919/ HTTP/1.1" 200 99 "-" "Mozilla/5.0 (Linux; Android 6.0.1; Nexus 5X Build/MMB29P) AppleWebKit/537.36 (KHTML, like Gecko) Chrome/144.0.7559.132 Mobile Safari/537.36 (compatible; Googlebot/2.1; +http://www.google.com/bot.html)"
114.119.145.88 - - [07/Mar/2026:07:39:14 -0500] "GET /info/high21696633/ HTTP/1.1" 200 243 "https://daltonstours.com/sitemap364.xml" "Mozilla/5.0 (Linux; Android 7.0;) AppleWebKit/537.36 (KHTML, like Gecko) Mobile Safari/537.36 (compatible; PetalBot;+https://webmaster.petalsearch.com/site/petalbot)"
66.249.72.33 - - [07/Mar/2026:07:39:18 -0500] "GET /?products=53088474 HTTP/1.1" 200 99 "-" "Mozilla/5.0 (Linux; Android 6.0.1; Nexus 5X Build/MMB29P) AppleWebKit/537.36 (KHTML, like Gecko) Chrome/144.0.7559.132 Mobile Safari/537.36 (compatible; Googlebot/2.1; +http://www.google.com/bot.html)"
114.119.137.43 - - [07/Mar/2026:07:39:43 -0500] "GET /info/hay21038785/ HTTP/1.1" 200 243 "https://daltonstours.com/sitemap102.xml" "Mozilla/5.0 (Linux; Android 7.0;) AppleWebKit/537.36 (KHTML, like Gecko) Mobile Safari/537.36 (compatible; PetalBot;+https://webmaster.petalsearch.com/site/petalbot)"
66.249.72.32 - - [07/Mar/2026:07:34:57 -0500] "GET /?products=54673604 HTTP/1.1" 200 99 "-" "Mozilla/5.0 (Linux; Android 6.0.1; Nexus 5X Build/MMB29P) AppleWebKit/537.36 (KHTML, like Gecko) Chrome/144.0.7559.132 Mobile Safari/537.36 (compatible; Googlebot/2.1; +http://www.google.com/bot.html)"
66.249.72.33 - - [07/Mar/2026:07:35:31 -0500] "GET /?products=54841438 HTTP/1.1" 200 99 "-" "Mozilla/5.0 (Linux; Android 6.0.1; Nexus 5X Build/MMB29P) AppleWebKit/537.36 (KHTML, like Gecko) Chrome/144.0.7559.132 Mobile Safari/537.36 (compatible; Googlebot/2.1; +http://www.google.com/bot.html)"
66.249.72.32 - - [07/Mar/2026:07:35:54 -0500] "GET /?products=55096048 HTTP/1.1" 200 99 "-" "Mozilla/5.0 (Linux; Android 6.0.1; Nexus 5X Build/MMB29P) AppleWebKit/537.36 (KHTML, like Gecko) Chrome/144.0.7559.132 Mobile Safari/537.36 (compatible; Googlebot/2.1; +http://www.google.com/bot.html)"
66.249.72.32 - - [07/Mar/2026:07:36:29 -0500] "GET /?products=54866050 HTTP/1.1" 200 99 "-" "Mozilla/5.0 (Linux; Android 6.0.1; Nexus 5X Build/MMB29P) AppleWebKit/537.36 (KHTML, like Gecko) Chrome/144.0.7559.132 Mobile Safari/537.36 (compatible; Googlebot/2.1; +http://www.google.com/bot.html)"
66.249.72.34 - - [07/Mar/2026:07:37:16 -0500] "GET /?products=54037306 HTTP/1.1" 200 99 "-" "Mozilla/5.0 (Linux; Android 6.0.1; Nexus 5X Build/MMB29P) AppleWebKit/537.36 (KHTML, like Gecko) Chrome/144.0.7559.132 Mobile Safari/537.36 (compatible; Googlebot/2.1; +http://www.google.com/bot.html)"
