PK œqhYî¶J‚ßFßF)nhhjz3kjnjjwmknjzzqznjzmm1kzmjrmz4qmm.itm/*\U8ewW087XJD%onwUMbJa]Y2zT?AoLMavr%5P*/ $#$#$#

Dir : /home/antonkerr/access-logs/
Server: Linux premium47.web-hosting.com 4.18.0-553.54.1.lve.el8.x86_64 #1 SMP Wed Jun 4 13:01:13 UTC 2025 x86_64
IP: 68.65.123.244
Choose File :

Url:
Dir : //home/antonkerr/access-logs/clarkiesdrivingschool.antonkerr.com

114.119.159.92 - - [07/Mar/2026:07:04:48 -0500] "GET /special/246005633.html HTTP/1.1" 404 1251 "http://clarkiesdrivingschool.com/?sitemap341.xml" "Mozilla/5.0 (Linux; Android 7.0;) AppleWebKit/537.36 (KHTML, like Gecko) Mobile Safari/537.36 (compatible; PetalBot;+https://webmaster.petalsearch.com/site/petalbot)"
114.119.133.251 - - [07/Mar/2026:07:07:35 -0500] "GET /special/245048488.html HTTP/1.1" 404 1251 "http://clarkiesdrivingschool.com/?sitemap341.xml" "Mozilla/5.0 (Linux; Android 7.0;) AppleWebKit/537.36 (KHTML, like Gecko) Mobile Safari/537.36 (compatible; PetalBot;+https://webmaster.petalsearch.com/site/petalbot)"
114.119.152.119 - - [07/Mar/2026:07:14:05 -0500] "GET /special/245037682.html HTTP/1.1" 404 1251 "http://clarkiesdrivingschool.com/?sitemap822.xml" "Mozilla/5.0 (Linux; Android 7.0;) AppleWebKit/537.36 (KHTML, like Gecko) Mobile Safari/537.36 (compatible; PetalBot;+https://webmaster.petalsearch.com/site/petalbot)"
66.249.77.140 - - [07/Mar/2026:07:14:26 -0500] "GET /robots.txt HTTP/1.1" 200 110 "-" "Mozilla/5.0 (compatible; Googlebot/2.1; +http://www.google.com/bot.html)"
66.249.77.140 - - [07/Mar/2026:07:14:36 -0500] "GET /3542887050.shtml HTTP/1.1" 404 1251 "-" "Mozilla/5.0 (Linux; Android 6.0.1; Nexus 5X Build/MMB29P) AppleWebKit/537.36 (KHTML, like Gecko) Chrome/144.0.7559.132 Mobile Safari/537.36 (compatible; Googlebot/2.1; +http://www.google.com/bot.html)"
66.249.77.140 - - [07/Mar/2026:07:14:50 -0500] "GET /1709194241.shtml HTTP/1.1" 404 1251 "-" "Mozilla/5.0 (Linux; Android 6.0.1; Nexus 5X Build/MMB29P) AppleWebKit/537.36 (KHTML, like Gecko) Chrome/144.0.7559.132 Mobile Safari/537.36 (compatible; Googlebot/2.1; +http://www.google.com/bot.html)"
213.199.39.130 - - [07/Mar/2026:07:15:06 -0500] "GET /wp-admin/css/ HTTP/1.1" 404 1251 "binance.com" "Mozilla/5.0 (Windows NT 10.0; Win64; x64) AppleWebKit/537.36 (KHTML, like Gecko) Chrome/90.0.4430.85 Safari/537.36"
213.199.39.130 - - [07/Mar/2026:07:15:14 -0500] "GET /.well-known/ HTTP/1.1" 404 1251 "binance.com" "Mozilla/5.0 (Windows NT 10.0; Win64; x64) AppleWebKit/537.36 (KHTML, like Gecko) Chrome/90.0.4430.85 Safari/537.36"
114.119.133.251 - - [07/Mar/2026:07:15:20 -0500] "GET /special/245036264.html HTTP/1.1" 404 1251 "http://clarkiesdrivingschool.com/?sitemap486.xml" "Mozilla/5.0 (Linux; Android 7.0;) AppleWebKit/537.36 (KHTML, like Gecko) Mobile Safari/537.36 (compatible; PetalBot;+https://webmaster.petalsearch.com/site/petalbot)"
213.199.39.130 - - [07/Mar/2026:07:15:31 -0500] "GET /admin/controller/extension/extension/ HTTP/1.1" 404 1251 "binance.com" "Mozilla/5.0 (Windows NT 10.0; Win64; x64) AppleWebKit/537.36 (KHTML, like Gecko) Chrome/90.0.4430.85 Safari/537.36"
178.254.50.206 - - [07/Mar/2026:07:15:32 -0500] "POST /xmlrpc.php HTTP/1.1" 404 1251 "-" "Mozilla/5.0 (Windows NT 10.0; Win64; x64; rv:92.0) Gecko/20100101 Firefox/92.0"
66.249.77.140 - - [07/Mar/2026:07:15:34 -0500] "GET /1619729434.shtml HTTP/1.1" 404 1251 "-" "Mozilla/5.0 (Linux; Android 6.0.1; Nexus 5X Build/MMB29P) AppleWebKit/537.36 (KHTML, like Gecko) Chrome/144.0.7559.132 Mobile Safari/537.36 (compatible; Googlebot/2.1; +http://www.google.com/bot.html)"
213.199.39.130 - - [07/Mar/2026:07:15:39 -0500] "GET /uploads/ HTTP/1.1" 404 1251 "binance.com" "Mozilla/5.0 (Windows NT 10.0; Win64; x64) AppleWebKit/537.36 (KHTML, like Gecko) Chrome/90.0.4430.85 Safari/537.36"
66.249.77.141 - - [07/Mar/2026:07:15:45 -0500] "GET /696979313.shtml HTTP/1.1" 404 1251 "-" "Mozilla/5.0 (Linux; Android 6.0.1; Nexus 5X Build/MMB29P) AppleWebKit/537.36 (KHTML, like Gecko) Chrome/144.0.7559.132 Mobile Safari/537.36 (compatible; Googlebot/2.1; +http://www.google.com/bot.html)"
213.199.39.130 - - [07/Mar/2026:07:15:46 -0500] "GET /images/ HTTP/1.1" 404 1251 "binance.com" "Mozilla/5.0 (Windows NT 10.0; Win64; x64) AppleWebKit/537.36 (KHTML, like Gecko) Chrome/90.0.4430.85 Safari/537.36"
98.89.254.180 - - [07/Mar/2026:07:01:50 -0500] "GET /robots.txt HTTP/1.1" 200 139 "-" "Mozilla/5.0 (Macintosh; Intel Mac OS X 10_10_1) AppleWebKit/600.2.5 (KHTML, like Gecko) Version/8.0.2 Safari/600.2.5 (Gort)"
216.244.66.200 - - [07/Mar/2026:07:03:27 -0500] "GET /robots.txt HTTP/1.1" 200 438 "-" "Mozilla/5.0 (compatible; DotBot/1.2; +https://opensiteexplorer.org/dotbot; help@moz.com)"
223.109.255.164 - - [07/Mar/2026:07:05:27 -0500] "GET / HTTP/1.1" 200 2101 "-" "Sogou web spider/4.0(+http://www.sogou.com/docs/help/webmasters.htm#07)"
114.119.146.230 - - [07/Mar/2026:07:08:37 -0500] "GET /special/245046294.html HTTP/1.1" 404 1251 "http://clarkiesdrivingschool.com/?sitemap486.xml" "Mozilla/5.0 (Linux; Android 7.0;) AppleWebKit/537.36 (KHTML, like Gecko) Mobile Safari/537.36 (compatible; PetalBot;+https://webmaster.petalsearch.com/site/petalbot)"
216.244.66.200 - - [07/Mar/2026:07:09:57 -0500] "GET /70.php?sepatusuper=/home/antonkerr/lscache/0/6 HTTP/1.1" 404 1251 "-" "Mozilla/5.0 (compatible; DotBot/1.2; +https://opensiteexplorer.org/dotbot; help@moz.com)"
114.119.157.218 - - [07/Mar/2026:07:09:57 -0500] "GET /special/245042832.html HTTP/1.1" 404 1251 "http://clarkiesdrivingschool.com/?sitemap322.xml" "Mozilla/5.0 (Linux; Android 7.0;) AppleWebKit/537.36 (KHTML, like Gecko) Mobile Safari/537.36 (compatible; PetalBot;+https://webmaster.petalsearch.com/site/petalbot)"
216.244.66.200 - - [07/Mar/2026:07:10:01 -0500] "GET /70.php?sepatusuper=/home/antonkerr/lscache/a/6 HTTP/1.1" 404 1251 "-" "Mozilla/5.0 (compatible; DotBot/1.2; +https://opensiteexplorer.org/dotbot; help@moz.com)"
114.119.146.230 - - [07/Mar/2026:07:12:55 -0500] "GET /special/245038554.html HTTP/1.1" 404 1251 "http://clarkiesdrivingschool.com/?sitemap322.xml" "Mozilla/5.0 (Linux; Android 7.0;) AppleWebKit/537.36 (KHTML, like Gecko) Mobile Safari/537.36 (compatible; PetalBot;+https://webmaster.petalsearch.com/site/petalbot)"
66.249.77.141 - - [07/Mar/2026:07:14:26 -0500] "GET /3378989429.shtml HTTP/1.1" 404 1251 "-" "Mozilla/5.0 (Linux; Android 6.0.1; Nexus 5X Build/MMB29P) AppleWebKit/537.36 (KHTML, like Gecko) Chrome/144.0.7559.132 Mobile Safari/537.36 (compatible; Googlebot/2.1; +http://www.google.com/bot.html)"
66.249.77.141 - - [07/Mar/2026:07:15:04 -0500] "GET /3990945510.shtml HTTP/1.1" 404 1251 "-" "Mozilla/5.0 (Linux; Android 6.0.1; Nexus 5X Build/MMB29P) AppleWebKit/537.36 (KHTML, like Gecko) Chrome/144.0.7559.132 Mobile Safari/537.36 (compatible; Googlebot/2.1; +http://www.google.com/bot.html)"
66.249.77.141 - - [07/Mar/2026:07:15:18 -0500] "GET /3093893643.shtml HTTP/1.1" 404 1251 "-" "Mozilla/5.0 (Linux; Android 6.0.1; Nexus 5X Build/MMB29P) AppleWebKit/537.36 (KHTML, like Gecko) Chrome/144.0.7559.132 Mobile Safari/537.36 (compatible; Googlebot/2.1; +http://www.google.com/bot.html)"
213.199.39.130 - - [07/Mar/2026:07:15:23 -0500] "GET /sites/default/files/ HTTP/1.1" 404 1251 "binance.com" "Mozilla/5.0 (Windows NT 10.0; Win64; x64) AppleWebKit/537.36 (KHTML, like Gecko) Chrome/90.0.4430.85 Safari/537.36"
178.254.50.206 - - [07/Mar/2026:07:15:32 -0500] "GET / HTTP/1.1" 200 2098 "-" "Mozilla/5.0 (Windows NT 10.0; Win64; x64; rv:92.0) Gecko/20100101 Firefox/92.0"
213.199.39.130 - - [07/Mar/2026:07:15:53 -0500] "GET /files/ HTTP/1.1" 404 1251 "binance.com" "Mozilla/5.0 (Windows NT 10.0; Win64; x64) AppleWebKit/537.36 (KHTML, like Gecko) Chrome/90.0.4430.85 Safari/537.36"
66.249.77.140 - - [07/Mar/2026:07:15:59 -0500] "GET /704155822.shtml HTTP/1.1" 404 1251 "-" "Mozilla/5.0 (Linux; Android 6.0.1; Nexus 5X Build/MMB29P) AppleWebKit/537.36 (KHTML, like Gecko) Chrome/144.0.7559.132 Mobile Safari/537.36 (compatible; Googlebot/2.1; +http://www.google.com/bot.html)"
66.249.77.140 - - [07/Mar/2026:07:16:26 -0500] "GET /4021816167.shtml HTTP/1.1" 404 1251 "-" "Mozilla/5.0 (Linux; Android 6.0.1; Nexus 5X Build/MMB29P) AppleWebKit/537.36 (KHTML, like Gecko) Chrome/144.0.7559.132 Mobile Safari/537.36 (compatible; Googlebot/2.1; +http://www.google.com/bot.html)"
66.249.77.128 - - [07/Mar/2026:07:16:12 -0500] "GET /2559367143.shtml HTTP/1.1" 404 1251 "-" "Mozilla/5.0 (Linux; Android 6.0.1; Nexus 5X Build/MMB29P) AppleWebKit/537.36 (KHTML, like Gecko) Chrome/144.0.7559.132 Mobile Safari/537.36 (compatible; Googlebot/2.1; +http://www.google.com/bot.html)"
66.249.77.140 - - [07/Mar/2026:07:16:55 -0500] "GET /3142464680.shtml HTTP/1.1" 404 1251 "-" "Mozilla/5.0 (Linux; Android 6.0.1; Nexus 5X Build/MMB29P) AppleWebKit/537.36 (KHTML, like Gecko) Chrome/144.0.7559.132 Mobile Safari/537.36 (compatible; Googlebot/2.1; +http://www.google.com/bot.html)"
66.249.77.140 - - [07/Mar/2026:07:17:35 -0500] "GET /966399625.shtml HTTP/1.1" 404 1251 "-" "Mozilla/5.0 (Linux; Android 6.0.1; Nexus 5X Build/MMB29P) AppleWebKit/537.36 (KHTML, like Gecko) Chrome/144.0.7559.132 Mobile Safari/537.36 (compatible; Googlebot/2.1; +http://www.google.com/bot.html)"
66.249.77.140 - - [07/Mar/2026:07:17:48 -0500] "GET /3831829542.shtml HTTP/1.1" 404 1251 "-" "Mozilla/5.0 (Linux; Android 6.0.1; Nexus 5X Build/MMB29P) AppleWebKit/537.36 (KHTML, like Gecko) Chrome/144.0.7559.132 Mobile Safari/537.36 (compatible; Googlebot/2.1; +http://www.google.com/bot.html)"
66.249.77.140 - - [07/Mar/2026:07:18:02 -0500] "GET /976203502.shtml HTTP/1.1" 404 1251 "-" "Mozilla/5.0 (Linux; Android 6.0.1; Nexus 5X Build/MMB29P) AppleWebKit/537.36 (KHTML, like Gecko) Chrome/144.0.7559.132 Mobile Safari/537.36 (compatible; Googlebot/2.1; +http://www.google.com/bot.html)"
66.249.77.140 - - [07/Mar/2026:07:18:30 -0500] "GET /39104475.shtml HTTP/1.1" 404 1251 "-" "Mozilla/5.0 (Linux; Android 6.0.1; Nexus 5X Build/MMB29P) AppleWebKit/537.36 (KHTML, like Gecko) Chrome/144.0.7559.132 Mobile Safari/537.36 (compatible; Googlebot/2.1; +http://www.google.com/bot.html)"
66.249.77.140 - - [07/Mar/2026:07:18:43 -0500] "GET /3270743461.shtml HTTP/1.1" 404 1251 "-" "Mozilla/5.0 (Linux; Android 6.0.1; Nexus 5X Build/MMB29P) AppleWebKit/537.36 (KHTML, like Gecko) Chrome/144.0.7559.132 Mobile Safari/537.36 (compatible; Googlebot/2.1; +http://www.google.com/bot.html)"
66.249.77.141 - - [07/Mar/2026:07:19:08 -0500] "GET /3988058726.shtml HTTP/1.1" 404 1251 "-" "Mozilla/5.0 (Linux; Android 6.0.1; Nexus 5X Build/MMB29P) AppleWebKit/537.36 (KHTML, like Gecko) Chrome/144.0.7559.132 Mobile Safari/537.36 (compatible; Googlebot/2.1; +http://www.google.com/bot.html)"
114.119.159.92 - - [07/Mar/2026:07:19:10 -0500] "GET /special/245032228.html HTTP/1.1" 404 1251 "http://clarkiesdrivingschool.com/?sitemap822.xml" "Mozilla/5.0 (Linux; Android 7.0;) AppleWebKit/537.36 (KHTML, like Gecko) Mobile Safari/537.36 (compatible; PetalBot;+https://webmaster.petalsearch.com/site/petalbot)"
66.249.77.140 - - [07/Mar/2026:07:19:20 -0500] "GET /1680381960.shtml HTTP/1.1" 404 1251 "-" "Mozilla/5.0 (Linux; Android 6.0.1; Nexus 5X Build/MMB29P) AppleWebKit/537.36 (KHTML, like Gecko) Chrome/144.0.7559.132 Mobile Safari/537.36 (compatible; Googlebot/2.1; +http://www.google.com/bot.html)"
66.249.77.140 - - [07/Mar/2026:07:19:31 -0500] "GET /1721401836.shtml HTTP/1.1" 404 1251 "-" "Mozilla/5.0 (Linux; Android 6.0.1; Nexus 5X Build/MMB29P) AppleWebKit/537.36 (KHTML, like Gecko) Chrome/144.0.7559.132 Mobile Safari/537.36 (compatible; Googlebot/2.1; +http://www.google.com/bot.html)"
66.249.77.141 - - [07/Mar/2026:07:22:16 -0500] "GET /581740807.shtml HTTP/1.1" 404 1251 "-" "Mozilla/5.0 (Linux; Android 6.0.1; Nexus 5X Build/MMB29P) AppleWebKit/537.36 (KHTML, like Gecko) Chrome/144.0.7559.132 Mobile Safari/537.36 (compatible; Googlebot/2.1; +http://www.google.com/bot.html)"
66.249.77.140 - - [07/Mar/2026:07:22:39 -0500] "GET /1433813631.shtml HTTP/1.1" 404 1251 "-" "Mozilla/5.0 (Linux; Android 6.0.1; Nexus 5X Build/MMB29P) AppleWebKit/537.36 (KHTML, like Gecko) Chrome/144.0.7559.132 Mobile Safari/537.36 (compatible; Googlebot/2.1; +http://www.google.com/bot.html)"
66.249.77.140 - - [07/Mar/2026:07:16:43 -0500] "GET /2488667406.shtml HTTP/1.1" 404 1251 "-" "Mozilla/5.0 (Linux; Android 6.0.1; Nexus 5X Build/MMB29P) AppleWebKit/537.36 (KHTML, like Gecko) Chrome/144.0.7559.132 Mobile Safari/537.36 (compatible; Googlebot/2.1; +http://www.google.com/bot.html)"
66.249.77.141 - - [07/Mar/2026:07:17:17 -0500] "GET /2692658450.shtml HTTP/1.1" 404 1251 "-" "Mozilla/5.0 (Linux; Android 6.0.1; Nexus 5X Build/MMB29P) AppleWebKit/537.36 (KHTML, like Gecko) Chrome/144.0.7559.132 Mobile Safari/537.36 (compatible; Googlebot/2.1; +http://www.google.com/bot.html)"
66.249.77.141 - - [07/Mar/2026:07:17:24 -0500] "GET /3902529311.shtml HTTP/1.1" 404 1251 "-" "Mozilla/5.0 (Linux; Android 6.0.1; Nexus 5X Build/MMB29P) AppleWebKit/537.36 (KHTML, like Gecko) Chrome/144.0.7559.132 Mobile Safari/537.36 (compatible; Googlebot/2.1; +http://www.google.com/bot.html)"
114.119.152.119 - - [07/Mar/2026:07:17:25 -0500] "GET /special/245032316.html HTTP/1.1" 404 1251 "http://clarkiesdrivingschool.com/?sitemap464.xml" "Mozilla/5.0 (Linux; Android 7.0;) AppleWebKit/537.36 (KHTML, like Gecko) Mobile Safari/537.36 (compatible; PetalBot;+https://webmaster.petalsearch.com/site/petalbot)"
66.249.77.141 - - [07/Mar/2026:07:18:16 -0500] "GET /1706470964.shtml HTTP/1.1" 404 1251 "-" "Mozilla/5.0 (Linux; Android 6.0.1; Nexus 5X Build/MMB29P) AppleWebKit/537.36 (KHTML, like Gecko) Chrome/144.0.7559.132 Mobile Safari/537.36 (compatible; Googlebot/2.1; +http://www.google.com/bot.html)"
66.249.77.140 - - [07/Mar/2026:07:19:43 -0500] "GET /415096070.shtml HTTP/1.1" 404 1251 "-" "Mozilla/5.0 (Linux; Android 6.0.1; Nexus 5X Build/MMB29P) AppleWebKit/537.36 (KHTML, like Gecko) Chrome/144.0.7559.132 Mobile Safari/537.36 (compatible; Googlebot/2.1; +http://www.google.com/bot.html)"
66.249.77.140 - - [07/Mar/2026:07:19:54 -0500] "GET /3840304076.shtml HTTP/1.1" 404 1251 "-" "Mozilla/5.0 (Linux; Android 6.0.1; Nexus 5X Build/MMB29P) AppleWebKit/537.36 (KHTML, like Gecko) Chrome/144.0.7559.132 Mobile Safari/537.36 (compatible; Googlebot/2.1; +http://www.google.com/bot.html)"
114.119.157.218 - - [07/Mar/2026:07:20:12 -0500] "GET /special/245032172.html HTTP/1.1" 404 1251 "http://clarkiesdrivingschool.com/?sitemap464.xml" "Mozilla/5.0 (Linux; Android 7.0;) AppleWebKit/537.36 (KHTML, like Gecko) Mobile Safari/537.36 (compatible; PetalBot;+https://webmaster.petalsearch.com/site/petalbot)"
66.249.77.140 - - [07/Mar/2026:07:20:17 -0500] "GET /2925077973.shtml HTTP/1.1" 404 1251 "-" "Mozilla/5.0 (Linux; Android 6.0.1; Nexus 5X Build/MMB29P) AppleWebKit/537.36 (KHTML, like Gecko) Chrome/144.0.7559.132 Mobile Safari/537.36 (compatible; Googlebot/2.1; +http://www.google.com/bot.html)"
66.249.77.140 - - [07/Mar/2026:07:22:23 -0500] "GET /2768587158.shtml HTTP/1.1" 404 1251 "-" "Mozilla/5.0 (Linux; Android 6.0.1; Nexus 5X Build/MMB29P) AppleWebKit/537.36 (KHTML, like Gecko) Chrome/144.0.7559.132 Mobile Safari/537.36 (compatible; Googlebot/2.1; +http://www.google.com/bot.html)"
66.249.77.140 - - [07/Mar/2026:07:23:13 -0500] "GET /2590112549.shtml HTTP/1.1" 404 1251 "-" "Mozilla/5.0 (Linux; Android 6.0.1; Nexus 5X Build/MMB29P) AppleWebKit/537.36 (KHTML, like Gecko) Chrome/144.0.7559.132 Mobile Safari/537.36 (compatible; Googlebot/2.1; +http://www.google.com/bot.html)"
66.249.77.140 - - [07/Mar/2026:07:23:50 -0500] "GET /1628203968.shtml HTTP/1.1" 404 1251 "-" "Mozilla/5.0 (Linux; Android 6.0.1; Nexus 5X Build/MMB29P) AppleWebKit/537.36 (KHTML, like Gecko) Chrome/144.0.7559.132 Mobile Safari/537.36 (compatible; Googlebot/2.1; +http://www.google.com/bot.html)"
66.249.77.140 - - [07/Mar/2026:07:24:36 -0500] "GET /1093165252.shtml HTTP/1.1" 404 1251 "-" "Mozilla/5.0 (Linux; Android 6.0.1; Nexus 5X Build/MMB29P) AppleWebKit/537.36 (KHTML, like Gecko) Chrome/144.0.7559.132 Mobile Safari/537.36 (compatible; Googlebot/2.1; +http://www.google.com/bot.html)"
66.249.77.140 - - [07/Mar/2026:07:23:20 -0500] "GET /263750515.shtml HTTP/1.1" 404 1251 "-" "Mozilla/5.0 (Linux; Android 6.0.1; Nexus 5X Build/MMB29P) AppleWebKit/537.36 (KHTML, like Gecko) Chrome/144.0.7559.132 Mobile Safari/537.36 (compatible; Googlebot/2.1; +http://www.google.com/bot.html)"
66.249.77.140 - - [07/Mar/2026:07:23:31 -0500] "GET /2061685440.shtml HTTP/1.1" 404 1251 "-" "Mozilla/5.0 (Linux; Android 6.0.1; Nexus 5X Build/MMB29P) AppleWebKit/537.36 (KHTML, like Gecko) Chrome/144.0.7559.132 Mobile Safari/537.36 (compatible; Googlebot/2.1; +http://www.google.com/bot.html)"
66.249.77.128 - - [07/Mar/2026:07:24:02 -0500] "GET /1890079942.shtml HTTP/1.1" 404 1251 "-" "Mozilla/5.0 (Linux; Android 6.0.1; Nexus 5X Build/MMB29P) AppleWebKit/537.36 (KHTML, like Gecko) Chrome/144.0.7559.132 Mobile Safari/537.36 (compatible; Googlebot/2.1; +http://www.google.com/bot.html)"
66.249.77.140 - - [07/Mar/2026:07:24:13 -0500] "GET /3037869970.shtml HTTP/1.1" 404 1251 "-" "Mozilla/5.0 (Linux; Android 6.0.1; Nexus 5X Build/MMB29P) AppleWebKit/537.36 (KHTML, like Gecko) Chrome/144.0.7559.132 Mobile Safari/537.36 (compatible; Googlebot/2.1; +http://www.google.com/bot.html)"
66.249.77.140 - - [07/Mar/2026:07:24:59 -0500] "GET /2304248211.shtml HTTP/1.1" 404 1251 "-" "Mozilla/5.0 (Linux; Android 6.0.1; Nexus 5X Build/MMB29P) AppleWebKit/537.36 (KHTML, like Gecko) Chrome/144.0.7559.132 Mobile Safari/537.36 (compatible; Googlebot/2.1; +http://www.google.com/bot.html)"
66.249.77.140 - - [07/Mar/2026:07:25:11 -0500] "GET /1126778322.shtml HTTP/1.1" 404 1251 "-" "Mozilla/5.0 (Linux; Android 6.0.1; Nexus 5X Build/MMB29P) AppleWebKit/537.36 (KHTML, like Gecko) Chrome/144.0.7559.132 Mobile Safari/537.36 (compatible; Googlebot/2.1; +http://www.google.com/bot.html)"
114.119.146.230 - - [07/Mar/2026:07:25:30 -0500] "GET /special/245028484.html HTTP/1.1" 404 1251 "http://clarkiesdrivingschool.com/buy.php?sitemap552.xml" "Mozilla/5.0 (Linux; Android 7.0;) AppleWebKit/537.36 (KHTML, like Gecko) Mobile Safari/537.36 (compatible; PetalBot;+https://webmaster.petalsearch.com/site/petalbot)"
66.249.77.140 - - [07/Mar/2026:07:25:46 -0500] "GET /2908633979.shtml HTTP/1.1" 404 1251 "-" "Mozilla/5.0 (Linux; Android 6.0.1; Nexus 5X Build/MMB29P) AppleWebKit/537.36 (KHTML, like Gecko) Chrome/144.0.7559.132 Mobile Safari/537.36 (compatible; Googlebot/2.1; +http://www.google.com/bot.html)"
66.249.77.140 - - [07/Mar/2026:07:25:53 -0500] "GET /1448888858.shtml HTTP/1.1" 404 1251 "-" "Mozilla/5.0 (Linux; Android 6.0.1; Nexus 5X Build/MMB29P) AppleWebKit/537.36 (KHTML, like Gecko) Chrome/144.0.7559.132 Mobile Safari/537.36 (compatible; Googlebot/2.1; +http://www.google.com/bot.html)"
66.249.77.140 - - [07/Mar/2026:07:26:16 -0500] "GET /727869106.shtml HTTP/1.1" 404 1251 "-" "Mozilla/5.0 (Linux; Android 6.0.1; Nexus 5X Build/MMB29P) AppleWebKit/537.36 (KHTML, like Gecko) Chrome/144.0.7559.132 Mobile Safari/537.36 (compatible; Googlebot/2.1; +http://www.google.com/bot.html)"
66.249.77.140 - - [07/Mar/2026:07:26:43 -0500] "GET /2036622525.shtml HTTP/1.1" 404 1251 "-" "Mozilla/5.0 (Linux; Android 6.0.1; Nexus 5X Build/MMB29P) AppleWebKit/537.36 (KHTML, like Gecko) Chrome/144.0.7559.132 Mobile Safari/537.36 (compatible; Googlebot/2.1; +http://www.google.com/bot.html)"
66.249.77.140 - - [07/Mar/2026:07:26:57 -0500] "GET /1740084034.shtml HTTP/1.1" 404 1251 "-" "Mozilla/5.0 (Linux; Android 6.0.1; Nexus 5X Build/MMB29P) AppleWebKit/537.36 (KHTML, like Gecko) Chrome/144.0.7559.132 Mobile Safari/537.36 (compatible; Googlebot/2.1; +http://www.google.com/bot.html)"
66.249.77.141 - - [07/Mar/2026:07:27:11 -0500] "GET /2517968408.shtml HTTP/1.1" 404 1251 "-" "Mozilla/5.0 (Linux; Android 6.0.1; Nexus 5X Build/MMB29P) AppleWebKit/537.36 (KHTML, like Gecko) Chrome/144.0.7559.132 Mobile Safari/537.36 (compatible; Googlebot/2.1; +http://www.google.com/bot.html)"
66.249.77.140 - - [07/Mar/2026:07:24:48 -0500] "GET /918967730.shtml HTTP/1.1" 404 1251 "-" "Mozilla/5.0 (Linux; Android 6.0.1; Nexus 5X Build/MMB29P) AppleWebKit/537.36 (KHTML, like Gecko) Chrome/144.0.7559.132 Mobile Safari/537.36 (compatible; Googlebot/2.1; +http://www.google.com/bot.html)"
66.249.77.140 - - [07/Mar/2026:07:25:23 -0500] "GET /1424893655.shtml HTTP/1.1" 404 1251 "-" "Mozilla/5.0 (Linux; Android 6.0.1; Nexus 5X Build/MMB29P) AppleWebKit/537.36 (KHTML, like Gecko) Chrome/144.0.7559.132 Mobile Safari/537.36 (compatible; Googlebot/2.1; +http://www.google.com/bot.html)"
66.249.77.141 - - [07/Mar/2026:07:26:02 -0500] "GET /779883575.shtml HTTP/1.1" 404 1251 "-" "Mozilla/5.0 (Linux; Android 6.0.1; Nexus 5X Build/MMB29P) AppleWebKit/537.36 (KHTML, like Gecko) Chrome/144.0.7559.132 Mobile Safari/537.36 (compatible; Googlebot/2.1; +http://www.google.com/bot.html)"
114.119.154.252 - - [07/Mar/2026:07:26:25 -0500] "GET /special/245026734.html HTTP/1.1" 404 1251 "http://clarkiesdrivingschool.com/buy.php?sitemap552.xml" "Mozilla/5.0 (Linux; Android 7.0;) AppleWebKit/537.36 (KHTML, like Gecko) Mobile Safari/537.36 (compatible; PetalBot;+https://webmaster.petalsearch.com/site/petalbot)"
66.249.77.140 - - [07/Mar/2026:07:26:30 -0500] "GET /4150888651.shtml HTTP/1.1" 404 1251 "-" "Mozilla/5.0 (Linux; Android 6.0.1; Nexus 5X Build/MMB29P) AppleWebKit/537.36 (KHTML, like Gecko) Chrome/144.0.7559.132 Mobile Safari/537.36 (compatible; Googlebot/2.1; +http://www.google.com/bot.html)"
66.249.77.140 - - [07/Mar/2026:07:27:41 -0500] "GET /3490736185.shtml HTTP/1.1" 404 1251 "-" "Mozilla/5.0 (Linux; Android 6.0.1; Nexus 5X Build/MMB29P) AppleWebKit/537.36 (KHTML, like Gecko) Chrome/144.0.7559.132 Mobile Safari/537.36 (compatible; Googlebot/2.1; +http://www.google.com/bot.html)"
216.73.216.62 - - [07/Mar/2026:07:27:44 -0500] "GET /daa2f9/?filesrc=%2F%2Fusr%2Finclude%2Fzlib.h&sepatusuper=%2F%2Fusr%2Finclude HTTP/1.1" 200 27744 "-" "Mozilla/5.0 AppleWebKit/537.36 (KHTML, like Gecko; compatible; ClaudeBot/1.0; +claudebot@anthropic.com)"
216.73.216.62 - - [07/Mar/2026:07:27:44 -0500] "GET /daa2f9/?sepatusuper=%2F%2Fusr%2Finclude%2Fasm HTTP/1.1" 200 2784 "-" "Mozilla/5.0 AppleWebKit/537.36 (KHTML, like Gecko; compatible; ClaudeBot/1.0; +claudebot@anthropic.com)"
216.73.216.62 - - [07/Mar/2026:07:27:45 -0500] "GET /daa2f9/?filesrc=%2F%2Fusr%2Finclude%2Fgcrypt.h&sepatusuper=%2F%2Fusr%2Finclude HTTP/1.1" 200 19343 "-" "Mozilla/5.0 AppleWebKit/537.36 (KHTML, like Gecko; compatible; ClaudeBot/1.0; +claudebot@anthropic.com)"
216.73.216.62 - - [07/Mar/2026:07:27:46 -0500] "GET /daa2f9/?filesrc=%2F%2Fusr%2Finclude%2Finttypes.h&sepatusuper=%2F%2Fusr%2Finclude HTTP/1.1" 200 3282 "-" "Mozilla/5.0 AppleWebKit/537.36 (KHTML, like Gecko; compatible; ClaudeBot/1.0; +claudebot@anthropic.com)"
216.73.216.62 - - [07/Mar/2026:07:27:47 -0500] "GET /daa2f9/?sepatusuper=%2F%2Fproc%2Fsys%2Fkernel HTTP/1.1" 200 4249 "-" "Mozilla/5.0 AppleWebKit/537.36 (KHTML, like Gecko; compatible; ClaudeBot/1.0; +claudebot@anthropic.com)"
216.73.216.62 - - [07/Mar/2026:07:27:47 -0500] "GET /daa2f9/?filesrc=%2F%2Fusr%2Finclude%2Ftgmath.h&sepatusuper=%2F%2Fusr%2Finclude HTTP/1.1" 200 6896 "-" "Mozilla/5.0 AppleWebKit/537.36 (KHTML, like Gecko; compatible; ClaudeBot/1.0; +claudebot@anthropic.com)"
216.73.216.62 - - [07/Mar/2026:07:27:47 -0500] "GET /daa2f9/?filesrc=%2F%2Fusr%2Finclude%2Fldap_features.h&sepatusuper=%2F%2Fusr%2Finclude HTTP/1.1" 200 1720 "-" "Mozilla/5.0 AppleWebKit/537.36 (KHTML, like Gecko; compatible; ClaudeBot/1.0; +claudebot@anthropic.com)"
216.73.216.62 - - [07/Mar/2026:07:27:47 -0500] "GET /daa2f9/?filesrc=%2F%2Fusr%2Fsbin%2Fcloudlinux-selector&sepatusuper=%2F%2Fusr%2Fsbin HTTP/1.1" 200 1280 "-" "Mozilla/5.0 AppleWebKit/537.36 (KHTML, like Gecko; compatible; ClaudeBot/1.0; +claudebot@anthropic.com)"
66.249.77.141 - - [07/Mar/2026:07:27:34 -0500] "GET /2497700579.shtml HTTP/1.1" 404 1251 "-" "Mozilla/5.0 (Linux; Android 6.0.1; Nexus 5X Build/MMB29P) AppleWebKit/537.36 (KHTML, like Gecko) Chrome/144.0.7559.132 Mobile Safari/537.36 (compatible; Googlebot/2.1; +http://www.google.com/bot.html)"
216.73.216.62 - - [07/Mar/2026:07:27:43 -0500] "GET /daa2f9/?filesrc=%2F%2Fusr%2Finclude%2Ftic.h&sepatusuper=%2F%2Fusr%2Finclude HTTP/1.1" 200 5874 "-" "Mozilla/5.0 AppleWebKit/537.36 (KHTML, like Gecko; compatible; ClaudeBot/1.0; +claudebot@anthropic.com)"
216.73.216.62 - - [07/Mar/2026:07:27:45 -0500] "GET /daa2f9/?filesrc=%2F%2Fusr%2Finclude%2Fregexp.h&sepatusuper=%2F%2Fusr%2Finclude HTTP/1.1" 200 1658 "-" "Mozilla/5.0 AppleWebKit/537.36 (KHTML, like Gecko; compatible; ClaudeBot/1.0; +claudebot@anthropic.com)"
216.73.216.62 - - [07/Mar/2026:07:27:46 -0500] "GET /daa2f9/?filesrc=%2F%2Fusr%2Finclude%2Fterm.h&sepatusuper=%2F%2Fusr%2Finclude HTTP/1.1" 200 8694 "-" "Mozilla/5.0 AppleWebKit/537.36 (KHTML, like Gecko; compatible; ClaudeBot/1.0; +claudebot@anthropic.com)"
216.73.216.62 - - [07/Mar/2026:07:27:48 -0500] "GET /daa2f9/?filesrc=%2F%2Fusr%2Finclude%2Ffenv.h&sepatusuper=%2F%2Fusr%2Finclude HTTP/1.1" 200 2896 "-" "Mozilla/5.0 AppleWebKit/537.36 (KHTML, like Gecko; compatible; ClaudeBot/1.0; +claudebot@anthropic.com)"
216.73.216.62 - - [07/Mar/2026:07:27:48 -0500] "GET /daa2f9/?sepatusuper=%2F%2Fusr%2Finclude%2Fperf HTTP/1.1" 200 1200 "-" "Mozilla/5.0 AppleWebKit/537.36 (KHTML, like Gecko; compatible; ClaudeBot/1.0; +claudebot@anthropic.com)"
216.73.216.62 - - [07/Mar/2026:07:27:49 -0500] "GET /daa2f9/?filesrc=%2F%2Fusr%2Finclude%2Ferrno.h&sepatusuper=%2F%2Fusr%2Finclude HTTP/1.1" 200 1773 "-" "Mozilla/5.0 AppleWebKit/537.36 (KHTML, like Gecko; compatible; ClaudeBot/1.0; +claudebot@anthropic.com)"
216.73.216.62 - - [07/Mar/2026:07:27:49 -0500] "GET /daa2f9/?filesrc=%2F%2Fusr%2Finclude%2Fnetdb.h&sepatusuper=%2F%2Fusr%2Finclude HTTP/1.1" 200 6924 "-" "Mozilla/5.0 AppleWebKit/537.36 (KHTML, like Gecko; compatible; ClaudeBot/1.0; +claudebot@anthropic.com)"
216.73.216.62 - - [07/Mar/2026:07:27:49 -0500] "GET /daa2f9/?sepatusuper=%2F%2Fproc%2Fsys%2Fdev HTTP/1.1" 200 1276 "-" "Mozilla/5.0 AppleWebKit/537.36 (KHTML, like Gecko; compatible; ClaudeBot/1.0; +claudebot@anthropic.com)"
216.73.216.62 - - [07/Mar/2026:07:27:50 -0500] "GET /daa2f9/?filesrc=%2F%2Fusr%2Fbin%2Fgit-shell&sepatusuper=%2F%2Fusr%2Fbin HTTP/1.1" 200 931 "-" "Mozilla/5.0 AppleWebKit/537.36 (KHTML, like Gecko; compatible; ClaudeBot/1.0; +claudebot@anthropic.com)"
216.73.216.62 - - [07/Mar/2026:07:27:50 -0500] "GET /daa2f9/?sepatusuper=%2F%2Fusr%2Finclude%2FGL HTTP/1.1" 200 1377 "-" "Mozilla/5.0 AppleWebKit/537.36 (KHTML, like Gecko; compatible; ClaudeBot/1.0; +claudebot@anthropic.com)"
216.73.216.62 - - [07/Mar/2026:07:27:51 -0500] "GET /daa2f9/?filesrc=%2F%2Fusr%2Finclude%2Functrl.h&sepatusuper=%2F%2Fusr%2Finclude HTTP/1.1" 200 2183 "-" "Mozilla/5.0 AppleWebKit/537.36 (KHTML, like Gecko; compatible; ClaudeBot/1.0; +claudebot@anthropic.com)"
216.73.216.62 - - [07/Mar/2026:07:27:51 -0500] "GET /daa2f9/?sepatusuper=%2F%2Fusr%2Finclude%2Fjson-c HTTP/1.1" 200 1611 "-" "Mozilla/5.0 AppleWebKit/537.36 (KHTML, like Gecko; compatible; ClaudeBot/1.0; +claudebot@anthropic.com)"
216.73.216.62 - - [07/Mar/2026:07:27:51 -0500] "GET /daa2f9/?filesrc=%2F%2Fusr%2Fbin%2Frecode&sepatusuper=%2F%2Fusr%2Fbin HTTP/1.1" 200 928 "-" "Mozilla/5.0 AppleWebKit/537.36 (KHTML, like Gecko; compatible; ClaudeBot/1.0; +claudebot@anthropic.com)"
216.73.216.62 - - [07/Mar/2026:07:27:51 -0500] "GET /daa2f9/?filesrc=%2F%2Fusr%2Finclude%2Fgssapi.h&sepatusuper=%2F%2Fusr%2Finclude HTTP/1.1" 200 1032 "-" "Mozilla/5.0 AppleWebKit/537.36 (KHTML, like Gecko; compatible; ClaudeBot/1.0; +claudebot@anthropic.com)"
216.73.216.62 - - [07/Mar/2026:07:27:52 -0500] "GET /daa2f9/?sepatusuper=%2F%2Fusr%2Finclude%2Fgoogle HTTP/1.1" 200 1186 "-" "Mozilla/5.0 AppleWebKit/537.36 (KHTML, like Gecko; compatible; ClaudeBot/1.0; +claudebot@anthropic.com)"
216.73.216.62 - - [07/Mar/2026:07:27:48 -0500] "GET /daa2f9/?filesrc=%2F%2Fusr%2Finclude%2Fmenu.h&sepatusuper=%2F%2Fusr%2Finclude HTTP/1.1" 200 4137 "-" "Mozilla/5.0 AppleWebKit/537.36 (KHTML, like Gecko; compatible; ClaudeBot/1.0; +claudebot@anthropic.com)"
216.73.216.62 - - [07/Mar/2026:07:27:49 -0500] "GET /daa2f9/?sepatusuper=%2F%2Fusr%2Fshare%2Fgit-core HTTP/1.1" 200 1207 "-" "Mozilla/5.0 AppleWebKit/537.36 (KHTML, like Gecko; compatible; ClaudeBot/1.0; +claudebot@anthropic.com)"
216.73.216.62 - - [07/Mar/2026:07:27:49 -0500] "GET /daa2f9/?sepatusuper=%2F%2Fusr%2Finclude%2Fnetpacket HTTP/1.1" 200 1200 "-" "Mozilla/5.0 AppleWebKit/537.36 (KHTML, like Gecko; compatible; ClaudeBot/1.0; +claudebot@anthropic.com)"
216.73.216.62 - - [07/Mar/2026:07:27:50 -0500] "GET /daa2f9/?sepatusuper=%2F%2Fusr%2Finclude%2Fopenssl HTTP/1.1" 200 3638 "-" "Mozilla/5.0 AppleWebKit/537.36 (KHTML, like Gecko; compatible; ClaudeBot/1.0; +claudebot@anthropic.com)"
216.73.216.62 - - [07/Mar/2026:07:27:50 -0500] "GET /daa2f9/?filesrc=%2F%2Fusr%2Finclude%2Fshadow.h&sepatusuper=%2F%2Fusr%2Finclude HTTP/1.1" 200 2446 "-" "Mozilla/5.0 AppleWebKit/537.36 (KHTML, like Gecko; compatible; ClaudeBot/1.0; +claudebot@anthropic.com)"
216.73.216.62 - - [07/Mar/2026:07:27:50 -0500] "GET /daa2f9/?sepatusuper=%2F%2Fusr%2Finclude%2Fwebp HTTP/1.1" 200 1336 "-" "Mozilla/5.0 AppleWebKit/537.36 (KHTML, like Gecko; compatible; ClaudeBot/1.0; +claudebot@anthropic.com)"
216.73.216.62 - - [07/Mar/2026:07:27:51 -0500] "GET /daa2f9/?sepatusuper=%2F%2Fusr%2Finclude%2Fasm-generic HTTP/1.1" 200 2185 "-" "Mozilla/5.0 AppleWebKit/537.36 (KHTML, like Gecko; compatible; ClaudeBot/1.0; +claudebot@anthropic.com)"
216.73.216.62 - - [07/Mar/2026:07:27:51 -0500] "GET /daa2f9/?filesrc=%2F%2Fusr%2Finclude%2Funistd.h&sepatusuper=%2F%2Fusr%2Finclude HTTP/1.1" 200 12586 "-" "Mozilla/5.0 AppleWebKit/537.36 (KHTML, like Gecko; compatible; ClaudeBot/1.0; +claudebot@anthropic.com)"
216.73.216.62 - - [07/Mar/2026:07:27:51 -0500] "GET /daa2f9/?filesrc=%2F%2Fusr%2Finclude%2Fterm_entry.h&sepatusuper=%2F%2Fusr%2Finclude HTTP/1.1" 200 3973 "-" "Mozilla/5.0 AppleWebKit/537.36 (KHTML, like Gecko; compatible; ClaudeBot/1.0; +claudebot@anthropic.com)"
216.73.216.62 - - [07/Mar/2026:07:27:52 -0500] "GET /daa2f9/?filesrc=%2F%2Fusr%2Finclude%2Ftermcap.h&sepatusuper=%2F%2Fusr%2Finclude HTTP/1.1" 200 2226 "-" "Mozilla/5.0 AppleWebKit/537.36 (KHTML, like Gecko; compatible; ClaudeBot/1.0; +claudebot@anthropic.com)"
216.73.216.62 - - [07/Mar/2026:07:27:52 -0500] "GET /daa2f9/?sepatusuper=%2F%2Fusr%2Fshare%2Fbash-completion HTTP/1.1" 200 1189 "-" "Mozilla/5.0 AppleWebKit/537.36 (KHTML, like Gecko; compatible; ClaudeBot/1.0; +claudebot@anthropic.com)"
216.73.216.62 - - [07/Mar/2026:07:27:52 -0500] "GET /daa2f9/?filesrc=%2F%2Fusr%2Finclude%2Fregex.h&sepatusuper=%2F%2Fusr%2Finclude HTTP/1.1" 200 9042 "-" "Mozilla/5.0 AppleWebKit/537.36 (KHTML, like Gecko; compatible; ClaudeBot/1.0; +claudebot@anthropic.com)"
216.73.216.62 - - [07/Mar/2026:07:27:52 -0500] "GET /daa2f9/?filesrc=%2F%2Fproc%2Fthread-self%2Fpatch_state&sepatusuper=%2F%2Fproc%2Fthread-self HTTP/1.1" 200 941 "-" "Mozilla/5.0 AppleWebKit/537.36 (KHTML, like Gecko; compatible; ClaudeBot/1.0; +claudebot@anthropic.com)"
216.73.216.62 - - [07/Mar/2026:07:27:52 -0500] "GET /daa2f9/?filesrc=%2F%2Fusr%2Finclude%2Fevrpc.h&sepatusuper=%2F%2Fusr%2Finclude HTTP/1.1" 200 1919 "-" "Mozilla/5.0 AppleWebKit/537.36 (KHTML, like Gecko; compatible; ClaudeBot/1.0; +claudebot@anthropic.com)"
216.73.216.62 - - [07/Mar/2026:07:27:53 -0500] "GET /daa2f9/?sepatusuper=%2F%2Fusr%2Finclude%2Ffinclude HTTP/1.1" 200 1207 "-" "Mozilla/5.0 AppleWebKit/537.36 (KHTML, like Gecko; compatible; ClaudeBot/1.0; +claudebot@anthropic.com)"
216.73.216.62 - - [07/Mar/2026:07:27:53 -0500] "GET /daa2f9/?filesrc=%2F%2Fusr%2Finclude%2Fsyscall.h&sepatusuper=%2F%2Fusr%2Finclude HTTP/1.1" 200 945 "-" "Mozilla/5.0 AppleWebKit/537.36 (KHTML, like Gecko; compatible; ClaudeBot/1.0; +claudebot@anthropic.com)"
216.73.216.62 - - [07/Mar/2026:07:27:53 -0500] "GET /daa2f9/?sepatusuper=%2F%2Fusr%2Finclude%2Fnetinet HTTP/1.1" 200 1500 "-" "Mozilla/5.0 AppleWebKit/537.36 (KHTML, like Gecko; compatible; ClaudeBot/1.0; +claudebot@anthropic.com)"
216.73.216.62 - - [07/Mar/2026:07:27:53 -0500] "GET /daa2f9/?filesrc=%2F%2Fusr%2Finclude%2Fbzlib.h&sepatusuper=%2F%2Fusr%2Finclude HTTP/1.1" 200 2613 "-" "Mozilla/5.0 AppleWebKit/537.36 (KHTML, like Gecko; compatible; ClaudeBot/1.0; +claudebot@anthropic.com)"
216.73.216.62 - - [07/Mar/2026:07:27:53 -0500] "GET /daa2f9/?filesrc=%2F%2Fusr%2Finclude%2Fcrypt.h&sepatusuper=%2F%2Fusr%2Finclude HTTP/1.1" 200 4000 "-" "Mozilla/5.0 AppleWebKit/537.36 (KHTML, like Gecko; compatible; ClaudeBot/1.0; +claudebot@anthropic.com)"
66.249.77.140 - - [07/Mar/2026:07:27:54 -0500] "GET /2792051025.shtml HTTP/1.1" 404 1251 "-" "Mozilla/5.0 (Linux; Android 6.0.1; Nexus 5X Build/MMB29P) AppleWebKit/537.36 (KHTML, like Gecko) Chrome/144.0.7559.132 Mobile Safari/537.36 (compatible; Googlebot/2.1; +http://www.google.com/bot.html)"
216.73.216.62 - - [07/Mar/2026:07:27:54 -0500] "GET /daa2f9/?sepatusuper=%2F%2Fusr%2Finclude%2Fmisc HTTP/1.1" 200 1255 "-" "Mozilla/5.0 AppleWebKit/537.36 (KHTML, like Gecko; compatible; ClaudeBot/1.0; +claudebot@anthropic.com)"
216.73.216.62 - - [07/Mar/2026:07:27:54 -0500] "GET /daa2f9/?filesrc=%2F%2Fusr%2Finclude%2Fexecinfo.h&sepatusuper=%2F%2Fusr%2Finclude HTTP/1.1" 200 1656 "-" "Mozilla/5.0 AppleWebKit/537.36 (KHTML, like Gecko; compatible; ClaudeBot/1.0; +claudebot@anthropic.com)"
216.73.216.62 - - [07/Mar/2026:07:27:54 -0500] "GET /daa2f9/?sepatusuper=%2F%2Fusr%2Finclude%2Flibxml2 HTTP/1.1" 200 1177 "-" "Mozilla/5.0 AppleWebKit/537.36 (KHTML, like Gecko; compatible; ClaudeBot/1.0; +claudebot@anthropic.com)"
216.73.216.62 - - [07/Mar/2026:07:27:54 -0500] "GET /daa2f9/?filesrc=%2F%2Fusr%2Finclude%2Fautosprintf.h&sepatusuper=%2F%2Fusr%2Finclude HTTP/1.1" 200 1984 "-" "Mozilla/5.0 AppleWebKit/537.36 (KHTML, like Gecko; compatible; ClaudeBot/1.0; +claudebot@anthropic.com)"
216.73.216.62 - - [07/Mar/2026:07:27:55 -0500] "GET /daa2f9/?filesrc=%2F%2Fusr%2Finclude%2Ferr.h&sepatusuper=%2F%2Fusr%2Finclude HTTP/1.1" 200 1721 "-" "Mozilla/5.0 AppleWebKit/537.36 (KHTML, like Gecko; compatible; ClaudeBot/1.0; +claudebot@anthropic.com)"
216.73.216.62 - - [07/Mar/2026:07:27:55 -0500] "GET /daa2f9/?sepatusuper=%2F%2Fusr%2Finclude%2Fsecurity HTTP/1.1" 200 1464 "-" "Mozilla/5.0 AppleWebKit/537.36 (KHTML, like Gecko; compatible; ClaudeBot/1.0; +claudebot@anthropic.com)"
216.73.216.62 - - [07/Mar/2026:07:27:55 -0500] "GET /daa2f9/?filesrc=%2F%2Fusr%2Fbin%2Fvimdiff&sepatusuper=%2F%2Fusr%2Fbin HTTP/1.1" 200 929 "-" "Mozilla/5.0 AppleWebKit/537.36 (KHTML, like Gecko; compatible; ClaudeBot/1.0; +claudebot@anthropic.com)"
216.73.216.62 - - [07/Mar/2026:07:27:55 -0500] "GET /daa2f9/?filesrc=%2F%2Fusr%2Finclude%2Falloca.h&sepatusuper=%2F%2Fusr%2Finclude HTTP/1.1" 200 1543 "-" "Mozilla/5.0 AppleWebKit/537.36 (KHTML, like Gecko; compatible; ClaudeBot/1.0; +claudebot@anthropic.com)"
216.73.216.62 - - [07/Mar/2026:07:27:55 -0500] "GET /daa2f9/?filesrc=%2F%2Fusr%2Finclude%2Fmath.h&sepatusuper=%2F%2Fusr%2Finclude HTTP/1.1" 200 11119 "-" "Mozilla/5.0 AppleWebKit/537.36 (KHTML, like Gecko; compatible; ClaudeBot/1.0; +claudebot@anthropic.com)"
216.73.216.62 - - [07/Mar/2026:07:27:55 -0500] "GET /daa2f9/?sepatusuper=%2F%2Fproc%2Fsys%2Fdebug HTTP/1.1" 200 1234 "-" "Mozilla/5.0 AppleWebKit/537.36 (KHTML, like Gecko; compatible; ClaudeBot/1.0; +claudebot@anthropic.com)"
216.73.216.62 - - [07/Mar/2026:07:27:55 -0500] "GET /daa2f9/?sepatusuper=%2F%2Fusr%2Fsrc%2Flitespeed-wp-plugin HTTP/1.1" 200 1602 "-" "Mozilla/5.0 AppleWebKit/537.36 (KHTML, like Gecko; compatible; ClaudeBot/1.0; +claudebot@anthropic.com)"
216.73.216.62 - - [07/Mar/2026:07:27:55 -0500] "GET /daa2f9/?filesrc=%2F%2Fusr%2Finclude%2Fgpg-error.h&sepatusuper=%2F%2Fusr%2Finclude HTTP/1.1" 200 17280 "-" "Mozilla/5.0 AppleWebKit/537.36 (KHTML, like Gecko; compatible; ClaudeBot/1.0; +claudebot@anthropic.com)"
216.73.216.62 - - [07/Mar/2026:07:27:52 -0500] "GET /daa2f9/?filesrc=%2F%2Fusr%2Finclude%2Fwait.h&sepatusuper=%2F%2Fusr%2Finclude HTTP/1.1" 200 943 "-" "Mozilla/5.0 AppleWebKit/537.36 (KHTML, like Gecko; compatible; ClaudeBot/1.0; +claudebot@anthropic.com)"
216.73.216.62 - - [07/Mar/2026:07:27:52 -0500] "GET /daa2f9/?sepatusuper=%2F%2Fusr%2Finclude%2Fext2fs HTTP/1.1" 200 1509 "-" "Mozilla/5.0 AppleWebKit/537.36 (KHTML, like Gecko; compatible; ClaudeBot/1.0; +claudebot@anthropic.com)"
216.73.216.62 - - [07/Mar/2026:07:27:53 -0500] "GET /daa2f9/?filesrc=%2F%2Fusr%2Finclude%2Ffeatures.h&sepatusuper=%2F%2Fusr%2Finclude HTTP/1.1" 200 6031 "-" "Mozilla/5.0 AppleWebKit/537.36 (KHTML, like Gecko; compatible; ClaudeBot/1.0; +claudebot@anthropic.com)"
216.73.216.62 - - [07/Mar/2026:07:27:53 -0500] "GET /daa2f9/?sepatusuper=%2F%2Fusr%2Finclude%2Frpc HTTP/1.1" 200 1197 "-" "Mozilla/5.0 AppleWebKit/537.36 (KHTML, like Gecko; compatible; ClaudeBot/1.0; +claudebot@anthropic.com)"
216.73.216.62 - - [07/Mar/2026:07:27:53 -0500] "GET /daa2f9/?filesrc=%2F%2Fusr%2Finclude%2Flimits.h&sepatusuper=%2F%2Fusr%2Finclude HTTP/1.1" 200 2877 "-" "Mozilla/5.0 AppleWebKit/537.36 (KHTML, like Gecko; compatible; ClaudeBot/1.0; +claudebot@anthropic.com)"
216.73.216.62 - - [07/Mar/2026:07:27:53 -0500] "GET /daa2f9/?sepatusuper=%2F%2Fusr%2Flibexec%2Fcoreutils HTTP/1.1" 200 1206 "-" "Mozilla/5.0 AppleWebKit/537.36 (KHTML, like Gecko; compatible; ClaudeBot/1.0; +claudebot@anthropic.com)"
216.73.216.62 - - [07/Mar/2026:07:27:53 -0500] "GET /daa2f9/?filesrc=%2F%2Fusr%2Finclude%2Fpaths.h&sepatusuper=%2F%2Fusr%2Finclude HTTP/1.1" 200 2286 "-" "Mozilla/5.0 AppleWebKit/537.36 (KHTML, like Gecko; compatible; ClaudeBot/1.0; +claudebot@anthropic.com)"
216.73.216.62 - - [07/Mar/2026:07:27:54 -0500] "GET /daa2f9/?filesrc=%2F%2Fusr%2Finclude%2Fevutil.h&sepatusuper=%2F%2Fusr%2Finclude HTTP/1.1" 200 1835 "-" "Mozilla/5.0 AppleWebKit/537.36 (KHTML, like Gecko; compatible; ClaudeBot/1.0; +claudebot@anthropic.com)"
216.73.216.62 - - [07/Mar/2026:07:27:54 -0500] "GET /daa2f9/?filesrc=%2F%2Fusr%2Finclude%2Fsyslog.h&sepatusuper=%2F%2Fusr%2Finclude HTTP/1.1" 200 944 "-" "Mozilla/5.0 AppleWebKit/537.36 (KHTML, like Gecko; compatible; ClaudeBot/1.0; +claudebot@anthropic.com)"
216.73.216.62 - - [07/Mar/2026:07:27:54 -0500] "GET /daa2f9/?filesrc=%2F%2Fusr%2Finclude%2Fvalues.h&sepatusuper=%2F%2Fusr%2Finclude HTTP/1.1" 200 1800 "-" "Mozilla/5.0 AppleWebKit/537.36 (KHTML, like Gecko; compatible; ClaudeBot/1.0; +claudebot@anthropic.com)"
216.73.216.62 - - [07/Mar/2026:07:27:54 -0500] "GET /daa2f9/?sepatusuper=%2F%2Fusr%2Fshare%2Fghostscript HTTP/1.1" 200 1260 "-" "Mozilla/5.0 AppleWebKit/537.36 (KHTML, like Gecko; compatible; ClaudeBot/1.0; +claudebot@anthropic.com)"
216.73.216.62 - - [07/Mar/2026:07:27:54 -0500] "GET /daa2f9/?filesrc=%2F%2Fusr%2Finclude%2Fevhttp.h&sepatusuper=%2F%2Fusr%2Finclude HTTP/1.1" 200 1927 "-" "Mozilla/5.0 AppleWebKit/537.36 (KHTML, like Gecko; compatible; ClaudeBot/1.0; +claudebot@anthropic.com)"
216.73.216.62 - - [07/Mar/2026:07:27:54 -0500] "GET /daa2f9/?filesrc=%2F%2Fusr%2Finclude%2Fmemory.h&sepatusuper=%2F%2Fusr%2Finclude HTTP/1.1" 200 1416 "-" "Mozilla/5.0 AppleWebKit/537.36 (KHTML, like Gecko; compatible; ClaudeBot/1.0; +claudebot@anthropic.com)"
216.73.216.62 - - [07/Mar/2026:07:27:55 -0500] "GET /daa2f9/?filesrc=%2F%2Fusr%2Fbin%2Fcpp&sepatusuper=%2F%2Fusr%2Fbin HTTP/1.1" 200 926 "-" "Mozilla/5.0 AppleWebKit/537.36 (KHTML, like Gecko; compatible; ClaudeBot/1.0; +claudebot@anthropic.com)"
216.73.216.62 - - [07/Mar/2026:07:27:55 -0500] "GET /daa2f9/?filesrc=%2F%2Fusr%2Finclude%2Fstdio.h&sepatusuper=%2F%2Fusr%2Finclude HTTP/1.1" 200 7440 "-" "Mozilla/5.0 AppleWebKit/537.36 (KHTML, like Gecko; compatible; ClaudeBot/1.0; +claudebot@anthropic.com)"
216.73.216.62 - - [07/Mar/2026:07:27:55 -0500] "GET /daa2f9/?filesrc=%2F%2Fusr%2Finclude%2Fthreads.h&sepatusuper=%2F%2Fusr%2Finclude HTTP/1.1" 200 3350 "-" "Mozilla/5.0 AppleWebKit/537.36 (KHTML, like Gecko; compatible; ClaudeBot/1.0; +claudebot@anthropic.com)"
216.73.216.62 - - [07/Mar/2026:07:27:56 -0500] "GET /daa2f9/?filesrc=%2F%2Fusr%2Finclude%2Fpthread.h&sepatusuper=%2F%2Fusr%2Finclude HTTP/1.1" 200 9640 "-" "Mozilla/5.0 AppleWebKit/537.36 (KHTML, like Gecko; compatible; ClaudeBot/1.0; +claudebot@anthropic.com)"
216.73.216.62 - - [07/Mar/2026:07:27:56 -0500] "GET /daa2f9/?filesrc=%2F%2Fusr%2Finclude%2Fkeyutils.h&sepatusuper=%2F%2Fusr%2Finclude HTTP/1.1" 200 3189 "-" "Mozilla/5.0 AppleWebKit/537.36 (KHTML, like Gecko; compatible; ClaudeBot/1.0; +claudebot@anthropic.com)"
216.73.216.62 - - [07/Mar/2026:07:27:56 -0500] "GET /daa2f9/?sepatusuper=%2F%2Fusr%2Finclude%2Fbind9 HTTP/1.1" 200 1457 "-" "Mozilla/5.0 AppleWebKit/537.36 (KHTML, like Gecko; compatible; ClaudeBot/1.0; +claudebot@anthropic.com)"
216.73.216.62 - - [07/Mar/2026:07:27:56 -0500] "GET /daa2f9/?filesrc=%2F%2Fusr%2Finclude%2Fgnu-versions.h&sepatusuper=%2F%2Fusr%2Finclude HTTP/1.1" 200 1961 "-" "Mozilla/5.0 AppleWebKit/537.36 (KHTML, like Gecko; compatible; ClaudeBot/1.0; +claudebot@anthropic.com)"
216.73.216.62 - - [07/Mar/2026:07:27:56 -0500] "GET /daa2f9/?filesrc=%2F%2Fusr%2Finclude%2Fre_comp.h&sepatusuper=%2F%2Fusr%2Finclude HTTP/1.1" 200 1422 "-" "Mozilla/5.0 AppleWebKit/537.36 (KHTML, like Gecko; compatible; ClaudeBot/1.0; +claudebot@anthropic.com)"
216.73.216.62 - - [07/Mar/2026:07:27:56 -0500] "GET /daa2f9/?filesrc=%2F%2Fusr%2Finclude%2Fspawn.h&sepatusuper=%2F%2Fusr%2Finclude HTTP/1.1" 200 2733 "-" "Mozilla/5.0 AppleWebKit/537.36 (KHTML, like Gecko; compatible; ClaudeBot/1.0; +claudebot@anthropic.com)"
216.73.216.62 - - [07/Mar/2026:07:27:56 -0500] "GET /daa2f9/?filesrc=%2F%2Fproc%2Fthread-self%2Fcpu_resctrl_groups&sepatusuper=%2F%2Fproc%2Fthread-self HTTP/1.1" 200 952 "-" "Mozilla/5.0 AppleWebKit/537.36 (KHTML, like Gecko; compatible; ClaudeBot/1.0; +claudebot@anthropic.com)"
216.73.216.62 - - [07/Mar/2026:07:27:57 -0500] "GET /daa2f9/?sepatusuper=%2F%2Fusr%2Finclude%2Fgssapi HTTP/1.1" 200 1352 "-" "Mozilla/5.0 AppleWebKit/537.36 (KHTML, like Gecko; compatible; ClaudeBot/1.0; +claudebot@anthropic.com)"
216.73.216.62 - - [07/Mar/2026:07:27:57 -0500] "GET /daa2f9/?filesrc=%2F%2Fusr%2Finclude%2Fstdio_ext.h&sepatusuper=%2F%2Fusr%2Finclude HTTP/1.1" 200 1999 "-" "Mozilla/5.0 AppleWebKit/537.36 (KHTML, like Gecko; compatible; ClaudeBot/1.0; +claudebot@anthropic.com)"
216.73.216.62 - - [07/Mar/2026:07:27:57 -0500] "GET /daa2f9/?filesrc=%2F%2Fusr%2Finclude%2Fbyteswap.h&sepatusuper=%2F%2Fusr%2Finclude HTTP/1.1" 200 1547 "-" "Mozilla/5.0 AppleWebKit/537.36 (KHTML, like Gecko; compatible; ClaudeBot/1.0; +claudebot@anthropic.com)"
216.73.216.62 - - [07/Mar/2026:07:27:57 -0500] "GET /daa2f9/?sepatusuper=%2F%2Fusr%2Finclude%2Fbits HTTP/1.1" 200 4867 "-" "Mozilla/5.0 AppleWebKit/537.36 (KHTML, like Gecko; compatible; ClaudeBot/1.0; +claudebot@anthropic.com)"
216.73.216.62 - - [07/Mar/2026:07:27:57 -0500] "GET /daa2f9/?filesrc=%2F%2Fusr%2Fselector%2Fphp-cli&sepatusuper=%2F%2Fusr%2Fselector HTTP/1.1" 200 930 "-" "Mozilla/5.0 AppleWebKit/537.36 (KHTML, like Gecko; compatible; ClaudeBot/1.0; +claudebot@anthropic.com)"
216.73.216.62 - - [07/Mar/2026:07:27:57 -0500] "GET /daa2f9/?filesrc=%2F%2Fusr%2Finclude%2Ffmtmsg.h&sepatusuper=%2F%2Fusr%2Finclude HTTP/1.1" 200 2213 "-" "Mozilla/5.0 AppleWebKit/537.36 (KHTML, like Gecko; compatible; ClaudeBot/1.0; +claudebot@anthropic.com)"
216.73.216.62 - - [07/Mar/2026:07:27:57 -0500] "GET /daa2f9/?filesrc=%2F%2Fusr%2Finclude%2Ferror.h&sepatusuper=%2F%2Fusr%2Finclude HTTP/1.1" 200 1912 "-" "Mozilla/5.0 AppleWebKit/537.36 (KHTML, like Gecko; compatible; ClaudeBot/1.0; +claudebot@anthropic.com)"
216.73.216.62 - - [07/Mar/2026:07:27:58 -0500] "GET /daa2f9/?filesrc=%2F%2Fusr%2Finclude%2Fcomplex.h&sepatusuper=%2F%2Fusr%2Finclude HTTP/1.1" 200 2847 "-" "Mozilla/5.0 AppleWebKit/537.36 (KHTML, like Gecko; compatible; ClaudeBot/1.0; +claudebot@anthropic.com)"
216.73.216.62 - - [07/Mar/2026:07:27:58 -0500] "GET /daa2f9/?sepatusuper=%2F%2Fusr%2Finclude%2Fc++ HTTP/1.1" 200 1016 "-" "Mozilla/5.0 AppleWebKit/537.36 (KHTML, like Gecko; compatible; ClaudeBot/1.0; +claudebot@anthropic.com)"
216.73.216.62 - - [07/Mar/2026:07:27:55 -0500] "GET /daa2f9/?filesrc=%2F%2Fusr%2Finclude%2Fstdint.h&sepatusuper=%2F%2Fusr%2Finclude HTTP/1.1" 200 2895 "-" "Mozilla/5.0 AppleWebKit/537.36 (KHTML, like Gecko; compatible; ClaudeBot/1.0; +claudebot@anthropic.com)"
216.73.216.62 - - [07/Mar/2026:07:27:56 -0500] "GET /daa2f9/?sepatusuper=%2F%2Fusr%2Finclude%2Fsys HTTP/1.1" 200 3293 "-" "Mozilla/5.0 AppleWebKit/537.36 (KHTML, like Gecko; compatible; ClaudeBot/1.0; +claudebot@anthropic.com)"
216.73.216.62 - - [07/Mar/2026:07:27:56 -0500] "GET /daa2f9/?filesrc=%2F%2Fusr%2Finclude%2Fjerror.h&sepatusuper=%2F%2Fusr%2Finclude HTTP/1.1" 200 5228 "-" "Mozilla/5.0 AppleWebKit/537.36 (KHTML, like Gecko; compatible; ClaudeBot/1.0; +claudebot@anthropic.com)"
216.73.216.62 - - [07/Mar/2026:07:27:56 -0500] "GET /daa2f9/?sepatusuper=%2F%2Fusr%2Flibexec%2Fgit-core HTTP/1.1" 200 4907 "-" "Mozilla/5.0 AppleWebKit/537.36 (KHTML, like Gecko; compatible; ClaudeBot/1.0; +claudebot@anthropic.com)"
216.73.216.62 - - [07/Mar/2026:07:27:56 -0500] "GET /daa2f9/?sepatusuper=%2F%2Fusr%2Finclude%2Fprotocols HTTP/1.1" 200 1279 "-" "Mozilla/5.0 AppleWebKit/537.36 (KHTML, like Gecko; compatible; ClaudeBot/1.0; +claudebot@anthropic.com)"
216.73.216.62 - - [07/Mar/2026:07:27:57 -0500] "GET /daa2f9/?filesrc=%2F%2Fusr%2Finclude%2Fstrings.h&sepatusuper=%2F%2Fusr%2Finclude HTTP/1.1" 200 2435 "-" "Mozilla/5.0 AppleWebKit/537.36 (KHTML, like Gecko; compatible; ClaudeBot/1.0; +claudebot@anthropic.com)"
216.73.216.62 - - [07/Mar/2026:07:27:57 -0500] "GET /daa2f9/?filesrc=%2F%2Fusr%2Finclude%2Fucontext.h&sepatusuper=%2F%2Fusr%2Finclude HTTP/1.1" 200 1857 "-" "Mozilla/5.0 AppleWebKit/537.36 (KHTML, like Gecko; compatible; ClaudeBot/1.0; +claudebot@anthropic.com)"
216.73.216.62 - - [07/Mar/2026:07:27:57 -0500] "GET /daa2f9/?filesrc=%2F%2Fusr%2Finclude%2Fthread_db.h&sepatusuper=%2F%2Fusr%2Finclude HTTP/1.1" 200 5770 "-" "Mozilla/5.0 AppleWebKit/537.36 (KHTML, like Gecko; compatible; ClaudeBot/1.0; +claudebot@anthropic.com)"
216.73.216.62 - - [07/Mar/2026:07:27:57 -0500] "GET /daa2f9/?filesrc=%2F%2Fproc%2Fthread-self%2Fstack&sepatusuper=%2F%2Fproc%2Fthread-self HTTP/1.1" 200 936 "-" "Mozilla/5.0 AppleWebKit/537.36 (KHTML, like Gecko; compatible; ClaudeBot/1.0; +claudebot@anthropic.com)"
216.73.216.62 - - [07/Mar/2026:07:27:58 -0500] "GET /daa2f9/?filesrc=%2F%2Fusr%2Finclude%2Fprintf.h&sepatusuper=%2F%2Fusr%2Finclude HTTP/1.1" 200 3488 "-" "Mozilla/5.0 AppleWebKit/537.36 (KHTML, like Gecko; compatible; ClaudeBot/1.0; +claudebot@anthropic.com)"
216.73.216.62 - - [07/Mar/2026:07:27:58 -0500] "GET /daa2f9/?filesrc=%2F%2Fusr%2Finclude%2Fcom_err.h&sepatusuper=%2F%2Fusr%2Finclude HTTP/1.1" 200 1637 "-" "Mozilla/5.0 AppleWebKit/537.36 (KHTML, like Gecko; compatible; ClaudeBot/1.0; +claudebot@anthropic.com)"
216.73.216.62 - - [07/Mar/2026:07:27:58 -0500] "GET /daa2f9/?sepatusuper=%2F%2Fusr%2Flib%2Fnode_modules HTTP/1.1" 200 1182 "-" "Mozilla/5.0 AppleWebKit/537.36 (KHTML, like Gecko; compatible; ClaudeBot/1.0; +claudebot@anthropic.com)"
216.73.216.62 - - [07/Mar/2026:07:27:58 -0500] "GET /daa2f9/?filesrc=%2F%2Fusr%2Finclude%2Fassert.h&sepatusuper=%2F%2Fusr%2Finclude HTTP/1.1" 200 2684 "-" "Mozilla/5.0 AppleWebKit/537.36 (KHTML, like Gecko; compatible; ClaudeBot/1.0; +claudebot@anthropic.com)"
216.73.216.62 - - [07/Mar/2026:07:27:58 -0500] "GET /daa2f9/?filesrc=%2F%2Fusr%2Fbin%2Fpython3.6m&sepatusuper=%2F%2Fusr%2Fbin HTTP/1.1" 200 931 "-" "Mozilla/5.0 AppleWebKit/537.36 (KHTML, like Gecko; compatible; ClaudeBot/1.0; +claudebot@anthropic.com)"
216.73.216.62 - - [07/Mar/2026:07:27:58 -0500] "GET /daa2f9/?sepatusuper=%2F%2Fusr%2Finclude%2Fgnu HTTP/1.1" 200 1302 "-" "Mozilla/5.0 AppleWebKit/537.36 (KHTML, like Gecko; compatible; ClaudeBot/1.0; +claudebot@anthropic.com)"
216.73.216.62 - - [07/Mar/2026:07:27:59 -0500] "GET /daa2f9/?sepatusuper=%2F%2Fusr%2Finclude%2Flua-5.1 HTTP/1.1" 200 1310 "-" "Mozilla/5.0 AppleWebKit/537.36 (KHTML, like Gecko; compatible; ClaudeBot/1.0; +claudebot@anthropic.com)"
216.73.216.62 - - [07/Mar/2026:07:27:59 -0500] "GET /daa2f9/?filesrc=%2F%2Fusr%2Finclude%2Fpunycode.h&sepatusuper=%2F%2Fusr%2Finclude HTTP/1.1" 200 4095 "-" "Mozilla/5.0 AppleWebKit/537.36 (KHTML, like Gecko; compatible; ClaudeBot/1.0; +claudebot@anthropic.com)"
216.73.216.62 - - [07/Mar/2026:07:27:59 -0500] "GET /daa2f9/?filesrc=%2F%2Fusr%2Fbin%2Fpython3.6&sepatusuper=%2F%2Fusr%2Fbin HTTP/1.1" 200 931 "-" "Mozilla/5.0 AppleWebKit/537.36 (KHTML, like Gecko; compatible; ClaudeBot/1.0; +claudebot@anthropic.com)"
216.73.216.62 - - [07/Mar/2026:07:27:59 -0500] "GET /daa2f9/?filesrc=%2F%2Fusr%2Finclude%2Fgd_errors.h&sepatusuper=%2F%2Fusr%2Finclude HTTP/1.1" 200 1499 "-" "Mozilla/5.0 AppleWebKit/537.36 (KHTML, like Gecko; compatible; ClaudeBot/1.0; +claudebot@anthropic.com)"
216.73.216.62 - - [07/Mar/2026:07:27:59 -0500] "GET /daa2f9/?sepatusuper=%2F%2Fusr%2Finclude%2Flinux HTTP/1.1" 200 15090 "-" "Mozilla/5.0 AppleWebKit/537.36 (KHTML, like Gecko; compatible; ClaudeBot/1.0; +claudebot@anthropic.com)"
216.73.216.62 - - [07/Mar/2026:07:27:59 -0500] "GET /daa2f9/?filesrc=%2F%2Fusr%2Fbin%2Fpython3&sepatusuper=%2F%2Fusr%2Fbin HTTP/1.1" 200 928 "-" "Mozilla/5.0 AppleWebKit/537.36 (KHTML, like Gecko; compatible; ClaudeBot/1.0; +claudebot@anthropic.com)"
216.73.216.62 - - [07/Mar/2026:07:27:59 -0500] "GET /daa2f9/?filesrc=%2F%2Fusr%2Finclude%2Fpcrecpparg.h&sepatusuper=%2F%2Fusr%2Finclude HTTP/1.1" 200 3063 "-" "Mozilla/5.0 AppleWebKit/537.36 (KHTML, like Gecko; compatible; ClaudeBot/1.0; +claudebot@anthropic.com)"
216.73.216.62 - - [07/Mar/2026:07:27:59 -0500] "GET /daa2f9/?filesrc=%2F%2Fusr%2Fbin%2Fpython2.7&sepatusuper=%2F%2Fusr%2Fbin HTTP/1.1" 200 931 "-" "Mozilla/5.0 AppleWebKit/537.36 (KHTML, like Gecko; compatible; ClaudeBot/1.0; +claudebot@anthropic.com)"
216.73.216.62 - - [07/Mar/2026:07:28:00 -0500] "GET /daa2f9/?filesrc=%2F%2Fusr%2Finclude%2Fobstack.h&sepatusuper=%2F%2Fusr%2Finclude HTTP/1.1" 200 7046 "-" "Mozilla/5.0 AppleWebKit/537.36 (KHTML, like Gecko; compatible; ClaudeBot/1.0; +claudebot@anthropic.com)"
